{"id":3300,"date":"2020-01-02T16:48:11","date_gmt":"2020-01-02T16:48:11","guid":{"rendered":"https:\/\/energyclub.com.tr\/supplement\/?post_type=product&#038;p=3300"},"modified":"2021-03-01T17:38:12","modified_gmt":"2021-03-01T14:38:12","slug":"hardline-whey-3-matrix-base-908-gr","status":"publish","type":"product","link":"https:\/\/energyclub.com.tr\/supplement\/urun\/protein-tozu\/whey-protein\/hardline-whey-3-matrix-base-908-gr\/","title":{"rendered":"Hardline Whey 3 Matrix Base 908 Gr."},"content":{"rendered":"<h2>Hardline Whey 3Matrix Base nedir?<\/h2>\n<p>Son d\u00f6nemin en ba\u015far\u0131l\u0131 whey proteinlerinden biri olan Hardline Whey 3Matrix&#8217;in\u00a0kreatin i\u00e7ermeyen\u00a0versiyonudur. Hardline Whey 3 Matrix Base, 3Matrix \u00fcr\u00fcn\u00fcnde oldu\u011fu gibi 3 farkl\u0131 Whey\u00a0proteini kar\u0131\u015f\u0131m\u0131ndan form\u00fcle edilmi\u015ftir.\u00a0<b>Hidrolize, Izole ve Konsantre<\/b>\u00a0Whey proteinleri i\u00e7eren 3Matrix Base, antrenman \u00f6ncesi ve sonras\u0131 i\u00e7in kullan\u0131ma uygun bir \u00fcr\u00fcnd\u00fcr.<\/p>\n<p>En h\u0131zl\u0131 emilime sahip olan Hidrolize ve \u0130zole Whey protein i\u00e7eri\u011fi ile di\u011fer protein t\u00fcrlerine g\u00f6re kaslar\u0131n protein ihtiyac\u0131n\u0131 normalden daha h\u0131zl\u0131 bir \u015fekilde kar\u015f\u0131lamaya yard\u0131mc\u0131 olabilir.<\/p>\n<p>Hardline Whey 3Matrix Base,\u00a0B6 vitamini ile desteklenmi\u015f bir protein tozu \u00fcr\u00fcn\u00fcd\u00fcr. B6 vitamini normal protein ve glikojen metabolizmas\u0131na katk\u0131da bulunur.<\/p>\n<h2>Hardline Whey 3Matrix Base \u00c7ikolata Aromas\u0131&#8217;n\u0131n dikkat \u00e7eken \u00f6zellikleri:<\/h2>\n<p>&#8211; Hidrolize, \u0130zole ve Konsantre Whey proteinlerinden sa\u011flanan 3 farkl\u0131 protein \u00e7e\u015fidi<\/p>\n<p>&#8211; %81 protein oran\u0131<\/p>\n<p>&#8211; Servis ba\u015f\u0131na 24,3g protein<\/p>\n<ul>\n<li>5,4g BCAA<\/li>\n<li>3,5g Glutamin \u00f6nc\u00fcleri<\/li>\n<\/ul>\n<p>&#8211; Kreatin i\u00e7ermeyen form\u00fcl<\/p>\n<p>&#8211; B6 vitamini ilaveli<\/p>\n<h2>Hardline Whey 3Matrix Base Plain&#8217;nin dikkat \u00e7eken \u00f6zellikleri:<\/h2>\n<p>&#8211; Hidrolize, \u0130zole ve Konsantre Whey proteinlerinden sa\u011flanan 3 farkl\u0131 protein \u00e7e\u015fidi<\/p>\n<p>&#8211; %82 protein oran\u0131<\/p>\n<p>&#8211; Servis ba\u015f\u0131na 24,6g protein<\/p>\n<ul>\n<li>5,5g BCAA<\/li>\n<li>3,5g Glutamin \u00f6nc\u00fcleri<\/li>\n<\/ul>\n<p>&#8211; Kreatin i\u00e7ermeyen form\u00fcl<\/p>\n<p>&#8211; \u0130lave tatland\u0131r\u0131c\u0131 ve aroma i\u00e7ermez<\/p>\n<p>&#8211; B6 vitamini ilaveli<\/p>\n","protected":false},"excerpt":{"rendered":"<ul class=\"pp-first-list\">\n<li><span class=\"pp-sm-title\">Marka<\/span>:<span class=\"pp-sm-desc\">Hardline<\/span><\/li>\n<li><span class=\"pp-sm-title pp-sm-title\">Servis Say\u0131s\u0131<\/span>:<span class=\"pp-sm-desc spec-service-size\">30<\/span><\/li>\n<li><span class=\"pp-sm-title\">Servis Miktar\u0131<\/span>:<span class=\"pp-sm-desc spec-service-amount\">1 \u00d6l\u00e7ek (30 g)<\/span><\/li>\n<li><span class=\"pp-sm-title\">Servis Ba\u015f\u0131 Fiyat<\/span>:<span class=\"pp-sm-desc spec-one-service-price\">4,63 TL<\/span><\/li>\n<li><span class=\"pp-sm-title\">Protein Oran\u0131<\/span>:<span class=\"pp-sm-desc\">%82,0<\/span><\/li>\n<li><span class=\"pp-sm-title\">Karbonhidrat Oran\u0131<\/span>:<span class=\"pp-sm-desc\">%5,0<\/span><\/li>\n<li><span class=\"pp-sm-title\">\u015eeker Oran\u0131<\/span>:<span class=\"pp-sm-desc\">%5,0<\/span><\/li>\n<li><span class=\"pp-sm-title\">Ya\u011f Oran\u0131<\/span>:<span class=\"pp-sm-desc\">%6,3<\/span><\/li>\n<li><span class=\"pp-sm-title\">Arjinin Oran\u0131<\/span>:<span class=\"pp-sm-desc\">%2,4<\/span><\/li>\n<\/ul>\n","protected":false},"featured_media":3302,"comment_status":"open","ping_status":"closed","template":"","meta":[],"product_brand":[],"product_cat":[120],"product_tag":[],"yst_prominent_words":[],"class_list":{"0":"post-3300","1":"product","2":"type-product","3":"status-publish","4":"has-post-thumbnail","6":"product_cat-whey-protein","7":"pa_brand-hardline","9":"first","10":"instock","11":"shipping-taxable","12":"purchasable","13":"product-type-variable"},"_links":{"self":[{"href":"https:\/\/energyclub.com.tr\/supplement\/wp-json\/wp\/v2\/product\/3300","targetHints":{"allow":["GET"]}}],"collection":[{"href":"https:\/\/energyclub.com.tr\/supplement\/wp-json\/wp\/v2\/product"}],"about":[{"href":"https:\/\/energyclub.com.tr\/supplement\/wp-json\/wp\/v2\/types\/product"}],"replies":[{"embeddable":true,"href":"https:\/\/energyclub.com.tr\/supplement\/wp-json\/wp\/v2\/comments?post=3300"}],"wp:featuredmedia":[{"embeddable":true,"href":"https:\/\/energyclub.com.tr\/supplement\/wp-json\/wp\/v2\/media\/3302"}],"wp:attachment":[{"href":"https:\/\/energyclub.com.tr\/supplement\/wp-json\/wp\/v2\/media?parent=3300"}],"wp:term":[{"taxonomy":"product_brand","embeddable":true,"href":"https:\/\/energyclub.com.tr\/supplement\/wp-json\/wp\/v2\/product_brand?post=3300"},{"taxonomy":"product_cat","embeddable":true,"href":"https:\/\/energyclub.com.tr\/supplement\/wp-json\/wp\/v2\/product_cat?post=3300"},{"taxonomy":"product_tag","embeddable":true,"href":"https:\/\/energyclub.com.tr\/supplement\/wp-json\/wp\/v2\/product_tag?post=3300"},{"taxonomy":"yst_prominent_words","embeddable":true,"href":"https:\/\/energyclub.com.tr\/supplement\/wp-json\/wp\/v2\/yst_prominent_words?post=3300"}],"curies":[{"name":"wp","href":"https:\/\/api.w.org\/{rel}","templated":true}]}}