{"id":3348,"date":"2020-01-02T19:46:56","date_gmt":"2020-01-02T19:46:56","guid":{"rendered":"https:\/\/energyclub.com.tr\/supplement\/?post_type=product&#038;p=3348"},"modified":"2020-12-17T21:11:34","modified_gmt":"2020-12-17T18:11:34","slug":"nutrend-whey-isolate-1800-gr","status":"publish","type":"product","link":"https:\/\/energyclub.com.tr\/supplement\/urun\/protein-tozu\/izole-protein\/nutrend-whey-isolate-1800-gr\/","title":{"rendered":"Nutrend Whey Isolate 1800 Gr."},"content":{"rendered":"<p><strong>Nutrend Whey Isolate 1800 Gr nedir?<\/strong><\/p>\n<p>%100 izole protein kayna\u011f\u0131(WPI) olan\u00a0Nutrend Whey Isolate, kolostrum ilave edilmi\u015f i\u00e7eri\u011fi ile benzerlerinden ayr\u0131\u015fan bir \u00fcr\u00fcnd\u00fcr.<\/p>\n<p>CFM. y\u00f6ntemi ile elde edilen whey protein t\u00fcrleri, do\u011fall\u0131\u011f\u0131n\u0131 korur y\u00fcksek biyoyararlan\u0131ma sahiptir.\u00a0Ayr\u0131ca daha d\u00fc\u015f\u00fck ya\u011f ve laktoz i\u00e7erir. Bu sayede protein v\u00fccutta daha kolay sindirilir ve h\u0131zla emilim sa\u011flayarak k\u0131sa s\u00fcrede kaslara ula\u015f\u0131r.<\/p>\n<p>Kolostrum, sadece do\u011fum sonras\u0131 ilk anne s\u00fct\u00fcnde bulunan, bebe\u011fin b\u00fcy\u00fcmesi ve ba\u011f\u0131\u015f\u0131kl\u0131k sistemi i\u00e7in gereken bir antikordur.<\/p>\n<p>Nutrend Whey Isolate,\u00a0bir serviste 26 gr protein i\u00e7erir. Servis ba\u015f\u0131na 6.6 gr BCAA i\u00e7eri\u011fiyle dikkat \u00e7eken bir \u00fcr\u00fcnd\u00fcr.<\/p>\n<p>Nutrend Whey Isolate \u00f6zellikleri:<\/p>\n<p>&#8211; %85 oran\u0131nda protein<\/p>\n<p>&#8211; Servis ba\u015f\u0131na 6.6 gr BCAA<\/p>\n<p>&#8211; CFM teknolojiisi \u00fcretilen kaliteli ham madde<\/p>\n<p>&#8211; Kolostrum<\/p>\n<p>&#8211; Kolay kar\u0131\u015fabilme<\/p>\n","protected":false},"excerpt":{"rendered":"<ul class=\"pp-first-list\">\n<li><span class=\"pp-sm-title\">Marka<\/span>:<span class=\"pp-sm-desc\">Nutrend<\/span><\/li>\n<li><span class=\"pp-sm-title pp-sm-title\">Servis Say\u0131s\u0131<\/span>:<span class=\"pp-sm-desc spec-service-size\">60<\/span><\/li>\n<li><span class=\"pp-sm-title\">Servis Miktar\u0131<\/span>:<span class=\"pp-sm-desc spec-service-amount\">2 \u00d6l\u00e7ek (30 g)<\/span><\/li>\n<li><span class=\"pp-sm-title\">Servis Ba\u015f\u0131 Fiyat<\/span>:<span class=\"pp-sm-desc spec-one-service-price\">6,25 TL<\/span><\/li>\n<li><span class=\"pp-sm-title\">Protein Oran\u0131<\/span>:<span class=\"pp-sm-desc\">%85,7<\/span><\/li>\n<li><span class=\"pp-sm-title\">Karbonhidrat Oran\u0131<\/span>:<span class=\"pp-sm-desc\">%3,0<\/span><\/li>\n<li><span class=\"pp-sm-title\">Ya\u011f Oran\u0131<\/span>:<span class=\"pp-sm-desc\">%1,0<\/span><\/li>\n<li><span class=\"pp-sm-title\">Arjinin Oran\u0131<\/span>:<span class=\"pp-sm-desc\">%1,8<\/span><\/li>\n<\/ul>\n","protected":false},"featured_media":3349,"comment_status":"open","ping_status":"closed","template":"","meta":[],"product_brand":[],"product_cat":[121],"product_tag":[],"yst_prominent_words":[],"class_list":{"0":"post-3348","1":"product","2":"type-product","3":"status-publish","4":"has-post-thumbnail","6":"product_cat-izole-protein","7":"pa_brand-nutrend","9":"first","10":"instock","11":"shipping-taxable","12":"purchasable","13":"product-type-variable"},"_links":{"self":[{"href":"https:\/\/energyclub.com.tr\/supplement\/wp-json\/wp\/v2\/product\/3348","targetHints":{"allow":["GET"]}}],"collection":[{"href":"https:\/\/energyclub.com.tr\/supplement\/wp-json\/wp\/v2\/product"}],"about":[{"href":"https:\/\/energyclub.com.tr\/supplement\/wp-json\/wp\/v2\/types\/product"}],"replies":[{"embeddable":true,"href":"https:\/\/energyclub.com.tr\/supplement\/wp-json\/wp\/v2\/comments?post=3348"}],"wp:featuredmedia":[{"embeddable":true,"href":"https:\/\/energyclub.com.tr\/supplement\/wp-json\/wp\/v2\/media\/3349"}],"wp:attachment":[{"href":"https:\/\/energyclub.com.tr\/supplement\/wp-json\/wp\/v2\/media?parent=3348"}],"wp:term":[{"taxonomy":"product_brand","embeddable":true,"href":"https:\/\/energyclub.com.tr\/supplement\/wp-json\/wp\/v2\/product_brand?post=3348"},{"taxonomy":"product_cat","embeddable":true,"href":"https:\/\/energyclub.com.tr\/supplement\/wp-json\/wp\/v2\/product_cat?post=3348"},{"taxonomy":"product_tag","embeddable":true,"href":"https:\/\/energyclub.com.tr\/supplement\/wp-json\/wp\/v2\/product_tag?post=3348"},{"taxonomy":"yst_prominent_words","embeddable":true,"href":"https:\/\/energyclub.com.tr\/supplement\/wp-json\/wp\/v2\/yst_prominent_words?post=3348"}],"curies":[{"name":"wp","href":"https:\/\/api.w.org\/{rel}","templated":true}]}}