{"id":3352,"date":"2020-01-02T19:51:06","date_gmt":"2020-01-02T19:51:06","guid":{"rendered":"https:\/\/energyclub.com.tr\/supplement\/?post_type=product&#038;p=3352"},"modified":"2020-03-22T20:47:36","modified_gmt":"2020-03-22T17:47:36","slug":"optimum-gold-standard-isolate-protein-930-gr","status":"publish","type":"product","link":"https:\/\/energyclub.com.tr\/supplement\/urun\/protein-tozu\/izole-protein\/optimum-gold-standard-isolate-protein-930-gr\/","title":{"rendered":"Optimum Gold Standard Isolate Protein 930 Gr."},"content":{"rendered":"<h2>Optimum Gold Standard Isolate Protein nedir?<\/h2>\n<p>Optimum Gold Standard Isolate, toz formda olan bir Whey protein \u00fcr\u00fcn\u00fcd\u00fcr.<\/p>\n<p>Her serviste 25 gr ultra filtrelenmi\u015f ve hidrolize edilmi\u015f izole protein sunmaktad\u0131r. Bu sayede normal whey proteinlerine g\u00f6re daha y\u00fcksek biyolojik de\u011fere sahiptir ve kolay sindirilerek h\u0131zl\u0131 emilim sa\u011flar.<\/p>\n<p>D\u00fc\u015f\u00fck \u015feker ve d\u00fc\u015f\u00fck ya\u011f oran\u0131 ile \u00f6zellikle diyet d\u00f6neminde olan ve kilo kontrol\u00fc yapan sporcular\u0131n tercih edebilece\u011fi bir protein tozudur. Y\u00fcksek protein i\u00e7eri\u011fi sayesinde ise, kas k\u00fctlesinin korunmas\u0131na ve art\u0131\u015f\u0131na destek olur. Protein normal kemiklerin korunmas\u0131na katk\u0131da bulunur.<\/p>\n<h2>Optimum Gold Standard Isolate Protein&#8217;in dikkat \u00e7eken \u00f6zellikleri:<\/h2>\n<p>&#8211; Her serviste 25 gr izole whey proteini<\/p>\n<p>&#8211; 5,5 gr BCAA<\/p>\n<p>&#8211; 11,4 gr esansiyel amino asit<\/p>\n<p>&#8211; Sadece 1,7 gr karbonhidrat<\/p>\n<p>&#8211;\u00a0D\u00fc\u015f\u00fck \u015feker ve d\u00fc\u015f\u00fck ya\u011f oran\u0131<\/p>\n","protected":false},"excerpt":{"rendered":"<ul class=\"pp-first-list\">\n<li><span class=\"pp-sm-title\">Marka<\/span>:<span class=\"pp-sm-desc\">Optimum Nutrition<\/span><\/li>\n<li><span class=\"pp-sm-title pp-sm-title\">Servis Say\u0131s\u0131<\/span>:<span class=\"pp-sm-desc spec-service-size\">31<\/span><\/li>\n<li><span class=\"pp-sm-title\">Servis Miktar\u0131<\/span>:<span class=\"pp-sm-desc spec-service-amount\">1 \u00d6l\u00e7ek (30 g)<\/span><\/li>\n<li><span class=\"pp-sm-title\">Servis Ba\u015f\u0131 Fiyat<\/span>:<span class=\"pp-sm-desc spec-one-service-price\">7,39 TL<\/span><\/li>\n<li><span class=\"pp-sm-title\">Protein Oran\u0131<\/span>:<span class=\"pp-sm-desc\">%83,3<\/span><\/li>\n<li><span class=\"pp-sm-title\">Karbonhidrat Oran\u0131<\/span>:<span class=\"pp-sm-desc\">%5,7<\/span><\/li>\n<li><span class=\"pp-sm-title\">\u015eeker Oran\u0131<\/span>:<span class=\"pp-sm-desc\">%1,0<\/span><\/li>\n<li><span class=\"pp-sm-title\">Ya\u011f Oran\u0131<\/span>:<span class=\"pp-sm-desc\">%1,3<\/span><\/li>\n<\/ul>\n","protected":false},"featured_media":3353,"comment_status":"open","ping_status":"closed","template":"","meta":[],"product_brand":[],"product_cat":[121],"product_tag":[],"yst_prominent_words":[],"class_list":{"0":"post-3352","1":"product","2":"type-product","3":"status-publish","4":"has-post-thumbnail","6":"product_cat-izole-protein","7":"pa_brand-optimum","9":"first","10":"outofstock","11":"shipping-taxable","12":"purchasable","13":"product-type-variable"},"_links":{"self":[{"href":"https:\/\/energyclub.com.tr\/supplement\/wp-json\/wp\/v2\/product\/3352","targetHints":{"allow":["GET"]}}],"collection":[{"href":"https:\/\/energyclub.com.tr\/supplement\/wp-json\/wp\/v2\/product"}],"about":[{"href":"https:\/\/energyclub.com.tr\/supplement\/wp-json\/wp\/v2\/types\/product"}],"replies":[{"embeddable":true,"href":"https:\/\/energyclub.com.tr\/supplement\/wp-json\/wp\/v2\/comments?post=3352"}],"wp:featuredmedia":[{"embeddable":true,"href":"https:\/\/energyclub.com.tr\/supplement\/wp-json\/wp\/v2\/media\/3353"}],"wp:attachment":[{"href":"https:\/\/energyclub.com.tr\/supplement\/wp-json\/wp\/v2\/media?parent=3352"}],"wp:term":[{"taxonomy":"product_brand","embeddable":true,"href":"https:\/\/energyclub.com.tr\/supplement\/wp-json\/wp\/v2\/product_brand?post=3352"},{"taxonomy":"product_cat","embeddable":true,"href":"https:\/\/energyclub.com.tr\/supplement\/wp-json\/wp\/v2\/product_cat?post=3352"},{"taxonomy":"product_tag","embeddable":true,"href":"https:\/\/energyclub.com.tr\/supplement\/wp-json\/wp\/v2\/product_tag?post=3352"},{"taxonomy":"yst_prominent_words","embeddable":true,"href":"https:\/\/energyclub.com.tr\/supplement\/wp-json\/wp\/v2\/yst_prominent_words?post=3352"}],"curies":[{"name":"wp","href":"https:\/\/api.w.org\/{rel}","templated":true}]}}