{"id":3356,"date":"2020-01-02T19:55:27","date_gmt":"2020-01-02T19:55:27","guid":{"rendered":"https:\/\/energyclub.com.tr\/supplement\/?post_type=product&#038;p=3356"},"modified":"2020-03-22T20:47:32","modified_gmt":"2020-03-22T17:47:32","slug":"nutrend-micellar-casein-2250-gr","status":"publish","type":"product","link":"https:\/\/energyclub.com.tr\/supplement\/urun\/protein-tozu\/kazein\/nutrend-micellar-casein-2250-gr\/","title":{"rendered":"Nutrend Micellar Casein 2250 Gr."},"content":{"rendered":"<p><strong>Nutrend Micellar Casein nedir?<\/strong><\/p>\n<p>En yava\u015f sindirilen protein t\u00fcr\u00fc olan micellar kazein proteini i\u00e7eri\u011finin yan\u0131 s\u0131ra probiyotik ve prebiyotik ile zenginle\u015ftirilmi\u015f benzersiz bir protein \u00fcr\u00fcn\u00fcd\u00fcr.\u00a0Y\u00fcksek protein i\u00e7ermesi kas k\u00fctlesinin korunmas\u0131na ve art\u0131\u015f\u0131na katk\u0131da bulunur.\u00a0Kas dokusuna ihtiyac\u0131 olan proteini uzun s\u00fcre sa\u011flayabilmek, kas\u0131n geli\u015fimi ve yenilenmesi i\u00e7in en \u00f6nemli noktalardan biridir.<\/p>\n<p>Nutrend Micellar Kazein, \u00f6zellikle gece uyku s\u0131ras\u0131nda veya uzun s\u00fcreli a\u00e7 kalarak yap\u0131lan diyet d\u00f6nemlerinde kullan\u0131labilecek yava\u015f sindirilen protein deste\u011fi olabilir.<\/p>\n<p>Micellar kazein proteini ayr\u0131ca y\u00fcksek ve do\u011fal kalsiyum kayna\u011f\u0131d\u0131r. Kalsiyum normal kemik sa\u011fl\u0131\u011f\u0131n\u0131n korunmas\u0131 i\u00e7in en \u00f6nemli bile\u015fendir.<\/p>\n<p>LActoWise olarak tescilli probiyotik ve prebiyotik i\u00e7eri\u011fi, ba\u011f\u0131rsaklar\u0131n\u0131z do\u011fal dengesinin korunmas\u0131na yard\u0131mc\u0131 olabilir<\/p>\n<p>Nutrend Micellar Casein&#8217; in dikkat \u00e7eken \u00f6zellikleri:<\/p>\n<p>&#8211; Servis ba\u015f\u0131na 35 gram protein<\/p>\n<p>&#8211; Servis ba\u015f\u0131na 7000 mg BCAA<\/p>\n<p>&#8211; Y\u00fcksek do\u011fal kalsiyum kayna\u011f\u0131<\/p>\n<p>&#8211; 50 servis<\/p>\n","protected":false},"excerpt":{"rendered":"<ul class=\"pp-first-list\">\n<li><span class=\"pp-sm-title\">Marka<\/span>:<span class=\"pp-sm-desc\">Nutrend<\/span><\/li>\n<li><span class=\"pp-sm-title pp-sm-title\">Servis Say\u0131s\u0131<\/span>:<span class=\"pp-sm-desc spec-service-size\">50<\/span><\/li>\n<li><span class=\"pp-sm-title\">Servis Miktar\u0131<\/span>:<span class=\"pp-sm-desc spec-service-amount\">2,5 \u00d6l\u00e7ek (45 g)<\/span><\/li>\n<li><span class=\"pp-sm-title\">Servis Ba\u015f\u0131 Fiyat<\/span>:<span class=\"pp-sm-desc spec-one-service-price\">7,98 TL<\/span><\/li>\n<li><span class=\"pp-sm-title\">Protein Oran\u0131<\/span>:<span class=\"pp-sm-desc\">%76,9<\/span><\/li>\n<li><span class=\"pp-sm-title\">Karbonhidrat Oran\u0131<\/span>:<span class=\"pp-sm-desc\">%6,2<\/span><\/li>\n<li><span class=\"pp-sm-title\">\u015eeker Oran\u0131<\/span>:<span class=\"pp-sm-desc\">%4,0<\/span><\/li>\n<li><span class=\"pp-sm-title\">Ya\u011f Oran\u0131<\/span>:<span class=\"pp-sm-desc\">%1,8<\/span><\/li>\n<li><span class=\"pp-sm-title\">Arjinin Oran\u0131<\/span>:<span class=\"pp-sm-desc\">%2,1<\/span><\/li>\n<\/ul>\n","protected":false},"featured_media":3357,"comment_status":"open","ping_status":"closed","template":"","meta":[],"product_brand":[],"product_cat":[122],"product_tag":[],"yst_prominent_words":[],"class_list":{"0":"post-3356","1":"product","2":"type-product","3":"status-publish","4":"has-post-thumbnail","6":"product_cat-kazein","7":"pa_brand-nutrend","9":"first","10":"instock","11":"shipping-taxable","12":"purchasable","13":"product-type-variable"},"_links":{"self":[{"href":"https:\/\/energyclub.com.tr\/supplement\/wp-json\/wp\/v2\/product\/3356","targetHints":{"allow":["GET"]}}],"collection":[{"href":"https:\/\/energyclub.com.tr\/supplement\/wp-json\/wp\/v2\/product"}],"about":[{"href":"https:\/\/energyclub.com.tr\/supplement\/wp-json\/wp\/v2\/types\/product"}],"replies":[{"embeddable":true,"href":"https:\/\/energyclub.com.tr\/supplement\/wp-json\/wp\/v2\/comments?post=3356"}],"wp:featuredmedia":[{"embeddable":true,"href":"https:\/\/energyclub.com.tr\/supplement\/wp-json\/wp\/v2\/media\/3357"}],"wp:attachment":[{"href":"https:\/\/energyclub.com.tr\/supplement\/wp-json\/wp\/v2\/media?parent=3356"}],"wp:term":[{"taxonomy":"product_brand","embeddable":true,"href":"https:\/\/energyclub.com.tr\/supplement\/wp-json\/wp\/v2\/product_brand?post=3356"},{"taxonomy":"product_cat","embeddable":true,"href":"https:\/\/energyclub.com.tr\/supplement\/wp-json\/wp\/v2\/product_cat?post=3356"},{"taxonomy":"product_tag","embeddable":true,"href":"https:\/\/energyclub.com.tr\/supplement\/wp-json\/wp\/v2\/product_tag?post=3356"},{"taxonomy":"yst_prominent_words","embeddable":true,"href":"https:\/\/energyclub.com.tr\/supplement\/wp-json\/wp\/v2\/yst_prominent_words?post=3356"}],"curies":[{"name":"wp","href":"https:\/\/api.w.org\/{rel}","templated":true}]}}