{"id":3380,"date":"2020-01-02T20:24:14","date_gmt":"2020-01-02T20:24:14","guid":{"rendered":"https:\/\/energyclub.com.tr\/supplement\/?post_type=product&#038;p=3380"},"modified":"2020-03-22T20:47:19","modified_gmt":"2020-03-22T17:47:19","slug":"bsn-syntha-6-edge-tek-kullanimlik-37-gr-24-adet","status":"publish","type":"product","link":"https:\/\/energyclub.com.tr\/supplement\/urun\/protein-tozu\/kompleks-protein\/bsn-syntha-6-edge-tek-kullanimlik-37-gr-24-adet\/","title":{"rendered":"BSN Syntha-6 Edge Tek Kullan\u0131ml\u0131k 37 Gr. (24 Adet)"},"content":{"rendered":"<p><strong>BSN Syntha-6 Edge Nedir?\u00a0<\/strong><\/p>\n<p>BSN Syntha-6 Edge toz formda olan kompleks bir protein tozu \u00fcr\u00fcn\u00fcd\u00fcr.<\/p>\n<p>D\u00fcnyaca me\u015fhur olan BSN Syntha-6 \u00fcr\u00fcn\u00fcn\u00fcn geli\u015ftirilmi\u015f ve yeni versiyonu olan BSN Syntha-6 Edge art\u0131k daha lezzetli ve daha y\u00fcksek bir protein miktar\u0131na sahip!<\/p>\n<p>BSN Syntha-6 Edge dengeli protein ve kompleks karbonhidrat i\u00e7eri\u011fi sayesinde bir\u00e7ok sporcunun hem protein hem karbonhidrat ihtiyac\u0131n\u0131 kar\u015f\u0131lamaya yard\u0131mc\u0131 olmaktad\u0131r.<\/p>\n<p>BSN Syntha-6 Edge&#8217;in dikkat \u00e7eken \u00f6zellikleri:<\/p>\n<ul>\n<li>Emilim s\u00fcreleri birbirinden farkl\u0131 olan 6 kaliteli protein kayna\u011f\u0131 i\u00e7eriyor\n<ul>\n<li>\u0130zole Whey Proteini<\/li>\n<li>Hidrolize Whey Proteini<\/li>\n<li>Konsantre Whey Proteini<\/li>\n<li>\u0130zole S\u00fct Proteini<\/li>\n<li>Miselar Kazein<\/li>\n<li>Kalsiyum Kazeinat<\/li>\n<\/ul>\n<\/li>\n<li>Her 1 servisinde 24gram protein i\u00e7eriyor<\/li>\n<li>\u0130nan\u0131lmaz lezzet<\/li>\n<li>Kompleks karbonhidrat i\u00e7eri\u011fi sayesinde spor sonras\u0131 karbonhidrat ihtiyac\u0131n\u0131 kar\u015f\u0131l\u0131yor<\/li>\n<\/ul>\n","protected":false},"excerpt":{"rendered":"<ul class=\"pp-first-list\">\n<li><span class=\"pp-sm-title\">Marka<\/span>:<span class=\"pp-sm-desc\">BSN<\/span><\/li>\n<li><span class=\"pp-sm-title pp-sm-title\">Servis Say\u0131s\u0131<\/span>:<span class=\"pp-sm-desc spec-service-size\">24<\/span><\/li>\n<li><span class=\"pp-sm-title\">Servis Miktar\u0131<\/span>:<span class=\"pp-sm-desc spec-service-amount\">1 \u00d6l\u00e7ek (37 g)<\/span><\/li>\n<li><span class=\"pp-sm-title\">Servis Ba\u015f\u0131 Fiyat<\/span>:<span class=\"pp-sm-desc spec-one-service-price\">9,79 TL<\/span><\/li>\n<li><span class=\"pp-sm-title\">Protein Oran\u0131<\/span>:<span class=\"pp-sm-desc\">%64,9<\/span><\/li>\n<li><span class=\"pp-sm-title\">Karbonhidrat Oran\u0131<\/span>:<span class=\"pp-sm-desc\">%13,0<\/span><\/li>\n<li><span class=\"pp-sm-title\">\u015eeker Oran\u0131<\/span>:<span class=\"pp-sm-desc\">%3,8<\/span><\/li>\n<li><span class=\"pp-sm-title\">Ya\u011f Oran\u0131<\/span>:<span class=\"pp-sm-desc\">%9,5<\/span><\/li>\n<\/ul>\n","protected":false},"featured_media":3382,"comment_status":"open","ping_status":"closed","template":"","meta":[],"product_brand":[],"product_cat":[123],"product_tag":[],"yst_prominent_words":[],"class_list":{"0":"post-3380","1":"product","2":"type-product","3":"status-publish","4":"has-post-thumbnail","6":"product_cat-kompleks-protein","7":"pa_brand-bsn-supplement","9":"first","10":"outofstock","11":"shipping-taxable","12":"purchasable","13":"product-type-variable"},"_links":{"self":[{"href":"https:\/\/energyclub.com.tr\/supplement\/wp-json\/wp\/v2\/product\/3380","targetHints":{"allow":["GET"]}}],"collection":[{"href":"https:\/\/energyclub.com.tr\/supplement\/wp-json\/wp\/v2\/product"}],"about":[{"href":"https:\/\/energyclub.com.tr\/supplement\/wp-json\/wp\/v2\/types\/product"}],"replies":[{"embeddable":true,"href":"https:\/\/energyclub.com.tr\/supplement\/wp-json\/wp\/v2\/comments?post=3380"}],"wp:featuredmedia":[{"embeddable":true,"href":"https:\/\/energyclub.com.tr\/supplement\/wp-json\/wp\/v2\/media\/3382"}],"wp:attachment":[{"href":"https:\/\/energyclub.com.tr\/supplement\/wp-json\/wp\/v2\/media?parent=3380"}],"wp:term":[{"taxonomy":"product_brand","embeddable":true,"href":"https:\/\/energyclub.com.tr\/supplement\/wp-json\/wp\/v2\/product_brand?post=3380"},{"taxonomy":"product_cat","embeddable":true,"href":"https:\/\/energyclub.com.tr\/supplement\/wp-json\/wp\/v2\/product_cat?post=3380"},{"taxonomy":"product_tag","embeddable":true,"href":"https:\/\/energyclub.com.tr\/supplement\/wp-json\/wp\/v2\/product_tag?post=3380"},{"taxonomy":"yst_prominent_words","embeddable":true,"href":"https:\/\/energyclub.com.tr\/supplement\/wp-json\/wp\/v2\/yst_prominent_words?post=3380"}],"curies":[{"name":"wp","href":"https:\/\/api.w.org\/{rel}","templated":true}]}}