{"id":3477,"date":"2020-01-03T14:12:08","date_gmt":"2020-01-03T14:12:08","guid":{"rendered":"https:\/\/energyclub.com.tr\/supplement\/?post_type=product&#038;p=3477"},"modified":"2020-12-16T21:42:48","modified_gmt":"2020-12-16T18:42:48","slug":"nutrend-glutamine-300-gr","status":"publish","type":"product","link":"https:\/\/energyclub.com.tr\/supplement\/urun\/amino-asit\/glutamin\/nutrend-glutamine-300-gr\/","title":{"rendered":"Nutrend Glutamine 300 Gr."},"content":{"rendered":"<p><strong>Nutrend Glutamine Nedir?<\/strong><\/p>\n<p>Toz yap\u0131da %100 saf kristal L-glutamin i\u00e7erir.\u00a0 L-glutamin en fazla bulunan amino asittir. Yo\u011fun spor yapanlar\u0131n L-glutamin kullan\u0131m\u0131 ile aminoaasit dengesini korumaya yard\u0131mc\u0131 olur.<\/p>\n<p><strong>Kullan\u0131m\u0131 Amac\u0131:<\/strong><\/p>\n<ul>\n<li>Sporcular, Yo\u011fun Antrenmanlarda Kaslar\u0131n Zarar G\u00f6rmesini Engellemek Isteyenler<\/li>\n<li>Fiziksel Aktiviteler Sonras\u0131nda Yenilenmeyi Desteklemek<\/li>\n<li>Pozitif Nitrojen Dengesinin Sa\u011flanmas\u0131<\/li>\n<li>Sinir Sisteminin Desteklenmesi<\/li>\n<\/ul>\n","protected":false},"excerpt":{"rendered":"<ul class=\"pp-first-list\">\n<li><span class=\"pp-sm-title\">Marka<\/span>:<span class=\"pp-sm-desc\"><a class=\"track-link p-detail-spec-link\" title=\"Nutrend\" href=\"https:\/\/www.supplementler.com\/marka\/nutrend-1-1312\" data-category=\"Product-Specification-Links\" data-label=\"Nutrend\" data-id=\"1312\">Nutrend<\/a><\/span><\/li>\n<li><span class=\"pp-sm-title pp-sm-title\">Servis Say\u0131s\u0131<\/span>:<span class=\"pp-sm-desc spec-service-size\">60<\/span><\/li>\n<li><span class=\"pp-sm-title\">Servis Miktar\u0131<\/span>:<span class=\"pp-sm-desc spec-service-amount\">5 g<\/span><\/li>\n<li><span class=\"pp-sm-title\">Servis Ba\u015f\u0131 Fiyat<\/span>:<span class=\"pp-sm-desc spec-one-service-price\">2,08 TL<\/span><\/li>\n<\/ul>\n","protected":false},"featured_media":3480,"comment_status":"open","ping_status":"closed","template":"","meta":[],"product_brand":[],"product_cat":[128],"product_tag":[],"yst_prominent_words":[],"class_list":{"0":"post-3477","1":"product","2":"type-product","3":"status-publish","4":"has-post-thumbnail","6":"product_cat-glutamin","7":"pa_brand-nutrend","9":"first","10":"instock","11":"shipping-taxable","12":"purchasable","13":"product-type-variable"},"_links":{"self":[{"href":"https:\/\/energyclub.com.tr\/supplement\/wp-json\/wp\/v2\/product\/3477","targetHints":{"allow":["GET"]}}],"collection":[{"href":"https:\/\/energyclub.com.tr\/supplement\/wp-json\/wp\/v2\/product"}],"about":[{"href":"https:\/\/energyclub.com.tr\/supplement\/wp-json\/wp\/v2\/types\/product"}],"replies":[{"embeddable":true,"href":"https:\/\/energyclub.com.tr\/supplement\/wp-json\/wp\/v2\/comments?post=3477"}],"wp:featuredmedia":[{"embeddable":true,"href":"https:\/\/energyclub.com.tr\/supplement\/wp-json\/wp\/v2\/media\/3480"}],"wp:attachment":[{"href":"https:\/\/energyclub.com.tr\/supplement\/wp-json\/wp\/v2\/media?parent=3477"}],"wp:term":[{"taxonomy":"product_brand","embeddable":true,"href":"https:\/\/energyclub.com.tr\/supplement\/wp-json\/wp\/v2\/product_brand?post=3477"},{"taxonomy":"product_cat","embeddable":true,"href":"https:\/\/energyclub.com.tr\/supplement\/wp-json\/wp\/v2\/product_cat?post=3477"},{"taxonomy":"product_tag","embeddable":true,"href":"https:\/\/energyclub.com.tr\/supplement\/wp-json\/wp\/v2\/product_tag?post=3477"},{"taxonomy":"yst_prominent_words","embeddable":true,"href":"https:\/\/energyclub.com.tr\/supplement\/wp-json\/wp\/v2\/yst_prominent_words?post=3477"}],"curies":[{"name":"wp","href":"https:\/\/api.w.org\/{rel}","templated":true}]}}