{"id":3497,"date":"2020-01-03T14:30:26","date_gmt":"2020-01-03T14:30:26","guid":{"rendered":"https:\/\/energyclub.com.tr\/supplement\/?post_type=product&#038;p=3497"},"modified":"2020-12-16T21:32:41","modified_gmt":"2020-12-16T18:32:41","slug":"big-joy-arginine-go-21-drink-packets","status":"publish","type":"product","link":"https:\/\/energyclub.com.tr\/supplement\/urun\/amino-asit\/arjinin\/big-joy-arginine-go-21-drink-packets\/","title":{"rendered":"Big Joy Arginine Go! 21 Drink Packets"},"content":{"rendered":"<h5 class=\"detail-pp-title cfix\"><span class=\"pp-title-name pp-title-fulldesc\">BigJoy Arginine Go 21 Paket Detayl\u0131 A\u00e7\u0131klama<\/span><\/h5>\n<p><strong>BigJoy Arginine Go 21 Paket nedir?<\/strong><\/p>\n<p>Big Joy Arginine Go, toz formda arjinin amino asidi i\u00e7eren sporcu g\u0131das\u0131d\u0131r. Arginine Go, kutu i\u00e7inde 21 adet tek servislik paketler i\u00e7erir. Tek pakette toz formda 5 g arjinin bulunmaktad\u0131r.<\/p>\n<p>Tekli paketler halinde olmas\u0131 sayesinde, hijyenik ve pratiktir. \u00dcr\u00fcn\u00fc shaker i\u00e7inde ta\u015f\u0131ma zorunlulu\u011funu ortadan kald\u0131r\u0131r. \u00c7antan\u0131zda veya cebinizde kolayca ta\u015f\u0131yabilir, istedi\u011finiz bir i\u00e7ecekle kar\u0131\u015ft\u0131r\u0131p t\u00fcketebilirsiniz.<\/p>\n<p>Arjinin, nitrik oksit gaz\u0131n\u0131n (NO) \u00f6nc\u00fcs\u00fc olan bir amino asit olup, h\u00fccrelere daha fazla oksijen ta\u015f\u0131mada g\u00f6revlidir. Bu sayede protein sentezine ve kas onar\u0131m\u0131na katk\u0131da bulunabilir.<\/p>\n<p>BigJoy BigJoy Arginine Go\u00a021 Paket \u00f6zellikleri:<\/p>\n<p>&#8211; 21 x 10 g paket<\/p>\n<p>&#8211; Her pakette 5 g arjinin<\/p>\n<p>&#8211; Aromaland\u0131r\u0131lm\u0131\u015f kolay i\u00e7ilebilir<\/p>\n<p>&#8211; Tek servislik paket, hijyenik ve pratik kullan\u0131m<\/p>\n","protected":false},"excerpt":{"rendered":"<ul class=\"pp-first-list\">\n<li><span class=\"pp-sm-title\">Marka<\/span>:<span class=\"pp-sm-desc\">Big Joy<\/span><\/li>\n<li><span class=\"pp-sm-title pp-sm-title\">Servis Say\u0131s\u0131<\/span>:<span class=\"pp-sm-desc spec-service-size\">21<\/span><\/li>\n<li><span class=\"pp-sm-title\">Servis Miktar\u0131<\/span>:<span class=\"pp-sm-desc spec-service-amount\">1 Paket (10 g)<\/span><\/li>\n<li><span class=\"pp-sm-title\">Servis Ba\u015f\u0131 Fiyat<\/span>:<span class=\"pp-sm-desc spec-one-service-price\">2,81 TL<\/span><\/li>\n<\/ul>\n","protected":false},"featured_media":3498,"comment_status":"open","ping_status":"closed","template":"","meta":[],"product_brand":[],"product_cat":[130],"product_tag":[],"yst_prominent_words":[],"class_list":{"0":"post-3497","1":"product","2":"type-product","3":"status-publish","4":"has-post-thumbnail","6":"product_cat-arjinin","7":"pa_brand-bigjoy-supplement","9":"first","10":"instock","11":"shipping-taxable","12":"purchasable","13":"product-type-variable"},"_links":{"self":[{"href":"https:\/\/energyclub.com.tr\/supplement\/wp-json\/wp\/v2\/product\/3497","targetHints":{"allow":["GET"]}}],"collection":[{"href":"https:\/\/energyclub.com.tr\/supplement\/wp-json\/wp\/v2\/product"}],"about":[{"href":"https:\/\/energyclub.com.tr\/supplement\/wp-json\/wp\/v2\/types\/product"}],"replies":[{"embeddable":true,"href":"https:\/\/energyclub.com.tr\/supplement\/wp-json\/wp\/v2\/comments?post=3497"}],"wp:featuredmedia":[{"embeddable":true,"href":"https:\/\/energyclub.com.tr\/supplement\/wp-json\/wp\/v2\/media\/3498"}],"wp:attachment":[{"href":"https:\/\/energyclub.com.tr\/supplement\/wp-json\/wp\/v2\/media?parent=3497"}],"wp:term":[{"taxonomy":"product_brand","embeddable":true,"href":"https:\/\/energyclub.com.tr\/supplement\/wp-json\/wp\/v2\/product_brand?post=3497"},{"taxonomy":"product_cat","embeddable":true,"href":"https:\/\/energyclub.com.tr\/supplement\/wp-json\/wp\/v2\/product_cat?post=3497"},{"taxonomy":"product_tag","embeddable":true,"href":"https:\/\/energyclub.com.tr\/supplement\/wp-json\/wp\/v2\/product_tag?post=3497"},{"taxonomy":"yst_prominent_words","embeddable":true,"href":"https:\/\/energyclub.com.tr\/supplement\/wp-json\/wp\/v2\/yst_prominent_words?post=3497"}],"curies":[{"name":"wp","href":"https:\/\/api.w.org\/{rel}","templated":true}]}}