{"id":3510,"date":"2020-01-03T14:42:57","date_gmt":"2020-01-03T14:42:57","guid":{"rendered":"https:\/\/energyclub.com.tr\/supplement\/?post_type=product&#038;p=3510"},"modified":"2020-03-22T20:45:59","modified_gmt":"2020-03-22T17:45:59","slug":"big-joy-ornithine-powder-300-gr","status":"publish","type":"product","link":"https:\/\/energyclub.com.tr\/supplement\/urun\/amino-asit\/aol\/big-joy-ornithine-powder-300-gr\/","title":{"rendered":"Big Joy Ornithine Powder 300 Gr."},"content":{"rendered":"<p><strong>Big Joy Ornithine Powder nedir?<\/strong><\/p>\n<p>Big Joy, toz formda sadece ornitin amino asidi i\u00e7eren bir sporcu g\u0131das\u0131d\u0131r. Daha \u00e7ok arjinin lizin ile kombine edilerek sunulan ornitin, son y\u0131llarda \u00f6zellikleri nedeniyle tek ba\u015f\u0131na kullan\u0131m\u0131 yayg\u0131nla\u015fan bir \u00fcr\u00fcnd\u00fcr.<\/p>\n<p>Ornitin vucutta arjinine d\u00f6n\u00fc\u015ft\u00fcr\u00fclebilen bir aminoasittir. Yap\u0131lan ara\u015ft\u0131rmalarda ornitinin, yo\u011fun fiziksel aktivitelerde yorgunlu\u011funu minimuma indirmeye ve dayan\u0131kl\u0131l\u0131k sa\u011flamaya y\u00f6nelik olumlu katk\u0131lar\u0131 incelenmi\u015ftir. Ayr\u0131ca v\u00fccuttaki toksin maddelerin uzakla\u015ft\u0131r\u0131lmas\u0131nda rol oynayan bir amino asittir.<\/p>\n<p>Big Joy Ornithine Powder&#8217;\u0131n \u00f6zellikleri:<\/p>\n<p>&#8211; Servis ba\u015f\u0131na 3000 mg ornitin<\/p>\n<p>&#8211; Toz formda h\u0131zl\u0131 emilim<\/p>\n<p>&#8211; \u0130lave bile\u015fen i\u00e7ermeyen safla\u015ft\u0131r\u0131lm\u0131\u015f ornitin<\/p>\n<p>Not:\u00a0S\u00fct, Soya, Yumurta, Kereviz ve Gluten i\u00e7eren ve Hardal i\u015fleyen tesislerde \u00fcretilmi\u015ftir.<\/p>\n","protected":false},"excerpt":{"rendered":"<ul class=\"pp-first-list\">\n<li><span class=\"pp-sm-title\">Marka<\/span>:<span class=\"pp-sm-desc\">Big Joy<\/span><\/li>\n<li><span class=\"pp-sm-title pp-sm-title\">Servis Say\u0131s\u0131<\/span>:<span class=\"pp-sm-desc spec-service-size\">100<\/span><\/li>\n<li><span class=\"pp-sm-title\">Servis Miktar\u0131<\/span>:<span class=\"pp-sm-desc spec-service-amount\">1 \u00c7ay Ka\u015f\u0131\u011f\u0131 (3 g)<\/span><\/li>\n<li><span class=\"pp-sm-title\">Servis Ba\u015f\u0131 Fiyat<\/span>:<span class=\"pp-sm-desc spec-one-service-price\">1,09 TL<\/span><\/li>\n<\/ul>\n","protected":false},"featured_media":3511,"comment_status":"open","ping_status":"closed","template":"","meta":[],"product_brand":[],"product_cat":[131],"product_tag":[],"yst_prominent_words":[],"class_list":{"0":"post-3510","1":"product","2":"type-product","3":"status-publish","4":"has-post-thumbnail","6":"product_cat-aol","7":"pa_brand-bigjoy-supplement","9":"first","10":"outofstock","11":"shipping-taxable","12":"purchasable","13":"product-type-variable"},"_links":{"self":[{"href":"https:\/\/energyclub.com.tr\/supplement\/wp-json\/wp\/v2\/product\/3510","targetHints":{"allow":["GET"]}}],"collection":[{"href":"https:\/\/energyclub.com.tr\/supplement\/wp-json\/wp\/v2\/product"}],"about":[{"href":"https:\/\/energyclub.com.tr\/supplement\/wp-json\/wp\/v2\/types\/product"}],"replies":[{"embeddable":true,"href":"https:\/\/energyclub.com.tr\/supplement\/wp-json\/wp\/v2\/comments?post=3510"}],"wp:featuredmedia":[{"embeddable":true,"href":"https:\/\/energyclub.com.tr\/supplement\/wp-json\/wp\/v2\/media\/3511"}],"wp:attachment":[{"href":"https:\/\/energyclub.com.tr\/supplement\/wp-json\/wp\/v2\/media?parent=3510"}],"wp:term":[{"taxonomy":"product_brand","embeddable":true,"href":"https:\/\/energyclub.com.tr\/supplement\/wp-json\/wp\/v2\/product_brand?post=3510"},{"taxonomy":"product_cat","embeddable":true,"href":"https:\/\/energyclub.com.tr\/supplement\/wp-json\/wp\/v2\/product_cat?post=3510"},{"taxonomy":"product_tag","embeddable":true,"href":"https:\/\/energyclub.com.tr\/supplement\/wp-json\/wp\/v2\/product_tag?post=3510"},{"taxonomy":"yst_prominent_words","embeddable":true,"href":"https:\/\/energyclub.com.tr\/supplement\/wp-json\/wp\/v2\/yst_prominent_words?post=3510"}],"curies":[{"name":"wp","href":"https:\/\/api.w.org\/{rel}","templated":true}]}}