{"id":3521,"date":"2020-01-03T15:48:54","date_gmt":"2020-01-03T15:48:54","guid":{"rendered":"https:\/\/energyclub.com.tr\/supplement\/?post_type=product&#038;p=3521"},"modified":"2020-12-16T21:13:10","modified_gmt":"2020-12-16T18:13:10","slug":"big-joy-big-mass-5000-gr-50-sase","status":"publish","type":"product","link":"https:\/\/energyclub.com.tr\/supplement\/urun\/kilo-hacim\/kilo\/big-joy-big-mass-5000-gr-50-sase\/","title":{"rendered":"Big Joy Big Mass 5000 Gr. 50 Sa\u015fe"},"content":{"rendered":"<p><strong>Big Joy Big Mass Gainer nedir?<\/strong><\/p>\n<p>Y\u00fcksek protein i\u00e7eren \u00e7orba, ekmek ve makarna gibi sporcular\u0131n ihtiya\u00e7lar\u0131na y\u00f6nelik g\u0131da \u00fcr\u00fcnleriyle \u00f6ne \u00e7\u0131kan Big Joy markas\u0131n\u0131n yeni y\u00fcksek karbonhidrat i\u00e7eren gainer \u00fcr\u00fcn\u00fcd\u00fcr.<\/p>\n<p>Big Joy Big Mass Gainer, kutu i\u00e7inde 50 adet tek kullan\u0131ml\u0131k sa\u015fe (po\u015fet) i\u00e7erir. 100 gram net a\u011f\u0131rl\u0131ktaki her sa\u015fede 77,6 gram karbonhidrat, 19,6 gram protein kompleksi, 1\u2019er gram kreatin, glutamin ve taurin i\u00e7erir. Ayr\u0131ca elzem vitamin ve mineraller ilave edilerek i\u00e7erik zenginle\u015ftirilmi\u015ftir.<\/p>\n<p>Fiziksel aktivite \u00f6ncesi karbonhidrat depolar\u0131n\u0131 artt\u0131rmak ve aktivite sonras\u0131 toparlanmay\u0131 h\u0131zland\u0131rmak amac\u0131yla form\u00fcle edilmi\u015ftir.<\/p>\n<p>Big Joy Big Mass Gainer\u2019 in dikkat \u00e7eken \u00f6zellikleri:<\/p>\n<p>&#8211; Y\u00fcksek protein (19,6 gr) ve karbonhidrat i\u00e7eri\u011fi (396 kalori)<\/p>\n<p>&#8211; Vitamin ve mineral ilavesi<\/p>\n<p>&#8211; Sa\u015fe formunda olmas\u0131 sayesinde pratik ve hijyenik kullan\u0131m<\/p>\n<p>&#8211; Yan\u0131n\u0131zda kolayca ta\u015f\u0131ma imkan\u0131<\/p>\n<p>&#8211; Hava ile temas etmedi\u011fi i\u00e7in son kullan\u0131m tarihine kadar tazeli\u011fini korur<\/p>\n<p>&#8211; 50 x 100 gr sa\u015fe toplam a\u011f\u0131rl\u0131k 5 kg<\/p>\n<p>&#8211; Tatland\u0131r\u0131c\u0131 i\u00e7eriyor, ilave \u015feker i\u00e7ermez. Do\u011fal olarak \u015feker i\u00e7erir.<\/p>\n<p>Kompleks protein i\u00e7eri\u011fi:<\/p>\n<ul>\n<li>Whey protein konsantresi<\/li>\n<li>Whey protein izolat\u0131<\/li>\n<li>S\u00fct proteini izolat\u0131<\/li>\n<li>Bitkisel protein<\/li>\n<\/ul>\n<p><b>Not:<\/b>\u00a0&#8220;MIX 1&#8221;\u00a0\u015fe\u00e7ene\u011finin kutu i\u00e7i aroma da\u011f\u0131l\u0131m\u0131:<\/p>\n<ul>\n<li>20 adet \u00e7ikolata<\/li>\n<li>15 adet \u00e7ikolata-\u00e7ilek<\/li>\n<li>15 adet \u00e7ikolata-muz<\/li>\n<\/ul>\n<p><b>\u00a0 \u00a0 \u00a0 \u00a0<\/b>&#8220;MIX 2&#8221;\u00a0\u015fe\u00e7ene\u011finin kutu i\u00e7i aroma da\u011f\u0131l\u0131m\u0131:<\/p>\n<ul>\n<li>20 adet \u00e7ikolata<\/li>\n<li>15 adet \u00e7ilek<\/li>\n<li>15 adet muz<\/li>\n<\/ul>\n","protected":false},"excerpt":{"rendered":"<ul class=\"pp-first-list\">\n<li><span class=\"pp-sm-title\">Marka<\/span>:<span class=\"pp-sm-desc\">Big Joy<\/span><\/li>\n<li><span class=\"pp-sm-title pp-sm-title\">Servis Say\u0131s\u0131<\/span>:<span class=\"pp-sm-desc spec-service-size\">50<\/span><\/li>\n<li><span class=\"pp-sm-title\">Servis Miktar\u0131<\/span>:<span class=\"pp-sm-desc spec-service-amount\">1 Sa\u015fe (100 g)<\/span><\/li>\n<li><span class=\"pp-sm-title\">Servis Ba\u015f\u0131 Fiyat<\/span>:<span class=\"pp-sm-desc spec-one-service-price\">4,98 TL<\/span><\/li>\n<li><span class=\"pp-sm-title\">Protein Oran\u0131<\/span>:<span class=\"pp-sm-desc\">%19,6<\/span><\/li>\n<li><span class=\"pp-sm-title\">Karbonhidrat Oran\u0131<\/span>:<span class=\"pp-sm-desc\">%77,6<\/span><\/li>\n<li><span class=\"pp-sm-title\">Ya\u011f Oran\u0131<\/span>:<span class=\"pp-sm-desc\">%0,7<\/span><\/li>\n<\/ul>\n","protected":false},"featured_media":3522,"comment_status":"open","ping_status":"closed","template":"","meta":[],"product_brand":[],"product_cat":[132],"product_tag":[],"yst_prominent_words":[],"class_list":{"0":"post-3521","1":"product","2":"type-product","3":"status-publish","4":"has-post-thumbnail","6":"product_cat-kilo","7":"pa_brand-bigjoy-supplement","9":"first","10":"outofstock","11":"shipping-taxable","12":"purchasable","13":"product-type-variable"},"_links":{"self":[{"href":"https:\/\/energyclub.com.tr\/supplement\/wp-json\/wp\/v2\/product\/3521","targetHints":{"allow":["GET"]}}],"collection":[{"href":"https:\/\/energyclub.com.tr\/supplement\/wp-json\/wp\/v2\/product"}],"about":[{"href":"https:\/\/energyclub.com.tr\/supplement\/wp-json\/wp\/v2\/types\/product"}],"replies":[{"embeddable":true,"href":"https:\/\/energyclub.com.tr\/supplement\/wp-json\/wp\/v2\/comments?post=3521"}],"wp:featuredmedia":[{"embeddable":true,"href":"https:\/\/energyclub.com.tr\/supplement\/wp-json\/wp\/v2\/media\/3522"}],"wp:attachment":[{"href":"https:\/\/energyclub.com.tr\/supplement\/wp-json\/wp\/v2\/media?parent=3521"}],"wp:term":[{"taxonomy":"product_brand","embeddable":true,"href":"https:\/\/energyclub.com.tr\/supplement\/wp-json\/wp\/v2\/product_brand?post=3521"},{"taxonomy":"product_cat","embeddable":true,"href":"https:\/\/energyclub.com.tr\/supplement\/wp-json\/wp\/v2\/product_cat?post=3521"},{"taxonomy":"product_tag","embeddable":true,"href":"https:\/\/energyclub.com.tr\/supplement\/wp-json\/wp\/v2\/product_tag?post=3521"},{"taxonomy":"yst_prominent_words","embeddable":true,"href":"https:\/\/energyclub.com.tr\/supplement\/wp-json\/wp\/v2\/yst_prominent_words?post=3521"}],"curies":[{"name":"wp","href":"https:\/\/api.w.org\/{rel}","templated":true}]}}