{"id":3688,"date":"2020-01-09T19:22:53","date_gmt":"2020-01-09T16:22:53","guid":{"rendered":"https:\/\/energyclub.com.tr\/supplement\/?post_type=product&#038;p=3688"},"modified":"2020-03-22T20:44:36","modified_gmt":"2020-03-22T17:44:36","slug":"nutrend-thermo-compressed-caps-60-kapsul","status":"publish","type":"product","link":"https:\/\/energyclub.com.tr\/supplement\/urun\/karnitin-cla\/termojenik\/nutrend-thermo-compressed-caps-60-kapsul\/","title":{"rendered":"Nutrend Thermo Compressed Caps 60 Kaps\u00fcl"},"content":{"rendered":"<p><strong>Nutrend Thermo Compressed Caps nedir?<\/strong><\/p>\n<p>Y\u00fcksek verimli bitkisel ekstreleri yo\u011fun miktarda i\u00e7eren termojenik bir \u00fcr\u00fcnd\u00fcr.<\/p>\n<p>Nutrend Thermo Compressed Caps, y\u00fcksek kafein i\u00e7eri\u011fine sahiptir. Kilo kontrol\u00fcne y\u00f6nelik etkilerinden dolay\u0131 \u00fczerinde say\u0131s\u0131z ara\u015ft\u0131rmalar yap\u0131lan garsinya kambo\u00e7ya ekstresini i\u00e7erir. Ye\u015fil \u00e7ay ekstesi ve kafein, metabolizmay\u0131 aktive etmeye destek olabilir.<\/p>\n<p>Nutrend Thermo Compressed Cap, \u00f6zellikle dayan\u0131kl\u0131l\u0131k gerektiren performans sporcular\u0131n\u0131n ihtiya\u00e7 duydu\u011fu uyar\u0131m\u0131 sa\u011flamaya destek olabilir.<\/p>\n<p>Nutrend Thermo Compressed Cap&#8217;in dikkat \u00e7eken \u00f6zellikleri:<\/p>\n<p>&#8211; Her serviste(2 kaps\u00fclde), 244 mg kafein<\/p>\n<p>&#8211; 800 mg tirozin amino asidi<\/p>\n<p>&#8211; 550 mg ye\u015fil \u00e7ay ekstresi<\/p>\n<p>&#8211; 400 mg garsinya kambo\u00e7ya ekstresi<\/p>\n<p>&#8211; H\u0131zla \u00e7\u00f6z\u00fclebilen kaps\u00fcl<\/p>\n","protected":false},"excerpt":{"rendered":"<ul class=\"pp-first-list\">\n<li><span class=\"pp-sm-title\">Marka<\/span>:<span class=\"pp-sm-desc\"><a class=\"track-link p-detail-spec-link\" title=\"Nutrend\" href=\"https:\/\/www.supplementler.com\/marka\/nutrend-1-1312\" data-category=\"Product-Specification-Links\" data-label=\"Nutrend\" data-id=\"1312\">Nutrend<\/a><\/span><\/li>\n<li><span class=\"pp-sm-title pp-sm-title\">Servis Say\u0131s\u0131<\/span>:<span class=\"pp-sm-desc spec-service-size\">30<\/span><\/li>\n<li><span class=\"pp-sm-title\">Servis Miktar\u0131<\/span>:<span class=\"pp-sm-desc spec-service-amount\">2 Kaps\u00fcl<\/span><\/li>\n<li><span class=\"pp-sm-title\">Servis Ba\u015f\u0131 Fiyat<\/span>:<span class=\"pp-sm-desc spec-one-service-price\">3,97 TL<\/span><\/li>\n<\/ul>\n","protected":false},"featured_media":3689,"comment_status":"open","ping_status":"closed","template":"","meta":[],"product_brand":[],"product_cat":[136],"product_tag":[],"yst_prominent_words":[],"class_list":{"0":"post-3688","1":"product","2":"type-product","3":"status-publish","4":"has-post-thumbnail","6":"product_cat-termojenik","7":"pa_brand-nutrend","9":"first","10":"instock","11":"shipping-taxable","12":"purchasable","13":"product-type-variable"},"_links":{"self":[{"href":"https:\/\/energyclub.com.tr\/supplement\/wp-json\/wp\/v2\/product\/3688","targetHints":{"allow":["GET"]}}],"collection":[{"href":"https:\/\/energyclub.com.tr\/supplement\/wp-json\/wp\/v2\/product"}],"about":[{"href":"https:\/\/energyclub.com.tr\/supplement\/wp-json\/wp\/v2\/types\/product"}],"replies":[{"embeddable":true,"href":"https:\/\/energyclub.com.tr\/supplement\/wp-json\/wp\/v2\/comments?post=3688"}],"wp:featuredmedia":[{"embeddable":true,"href":"https:\/\/energyclub.com.tr\/supplement\/wp-json\/wp\/v2\/media\/3689"}],"wp:attachment":[{"href":"https:\/\/energyclub.com.tr\/supplement\/wp-json\/wp\/v2\/media?parent=3688"}],"wp:term":[{"taxonomy":"product_brand","embeddable":true,"href":"https:\/\/energyclub.com.tr\/supplement\/wp-json\/wp\/v2\/product_brand?post=3688"},{"taxonomy":"product_cat","embeddable":true,"href":"https:\/\/energyclub.com.tr\/supplement\/wp-json\/wp\/v2\/product_cat?post=3688"},{"taxonomy":"product_tag","embeddable":true,"href":"https:\/\/energyclub.com.tr\/supplement\/wp-json\/wp\/v2\/product_tag?post=3688"},{"taxonomy":"yst_prominent_words","embeddable":true,"href":"https:\/\/energyclub.com.tr\/supplement\/wp-json\/wp\/v2\/yst_prominent_words?post=3688"}],"curies":[{"name":"wp","href":"https:\/\/api.w.org\/{rel}","templated":true}]}}