{"id":3710,"date":"2020-01-10T15:38:10","date_gmt":"2020-01-10T12:38:10","guid":{"rendered":"https:\/\/energyclub.com.tr\/supplement\/?post_type=product&#038;p=3710"},"modified":"2020-11-26T16:40:16","modified_gmt":"2020-11-26T13:40:16","slug":"big-joy-citrulline-powder-300-gr","status":"publish","type":"product","link":"https:\/\/energyclub.com.tr\/supplement\/urun\/performans-guc\/guc-performans\/big-joy-citrulline-powder-300-gr\/","title":{"rendered":"Big Joy Citrulline Powder 300 Gr."},"content":{"rendered":"<p><b>Big Joy Citrulline Powder\u00a0Nedir?<\/b><\/p>\n<p>%100\u00a0sitr\u00fclin\u00a0i\u00e7eren toz formda bir amino asit \u00fcr\u00fcn\u00fcd\u00fcr. Sitr\u00fclin v\u00fccut i\u00e7inde arjinine d\u00f6n\u00fc\u015fen ve nitrik oksit miktar\u0131n\u0131 y\u00fckseltebilen bir takviyedir. Kas h\u00fccrelerine ula\u015f\u0131m\u0131 daha verimli olur. Y\u00fcksek yo\u011funluklu a\u011f\u0131rl\u0131k antrenman\u0131nda setler aras\u0131nda daha olumlu sonu\u00e7lar alman\u0131za destek olabilir.<\/p>\n<p>Sitr\u00fclin, v\u00fccutta \u00fcretilebildi\u011fi gibi besinlerden de sa\u011flanabilen bir amino asittir. Besinlerde en \u00e7ok karpuzda bulunur. Protein sentezini uyararak amino asitlerin verimlili\u011fini olumlu y\u00f6nde etkileyebilir.<\/p>\n<p>Big Joy Citrulline Powder<b>\u00a0<\/b>\u00f6zellikleri:<\/p>\n<p>&#8211; %100 Sitr\u00fclin<\/p>\n<p>&#8211; H\u0131zl\u0131 Etki<\/p>\n<p>&#8211; Aromas\u0131z oldu\u011fu i\u00e7in di\u011fer supplementler kar\u0131\u015f\u0131mlar\u0131na ilave edilerek kullan\u0131labilir<\/p>\n<p><em>Kullan\u0131m Notu:<\/em>\u00a0Kullan\u0131m servisi y\u00f6netmelik gere\u011fi 1 servis 1 gram olarak s\u0131n\u0131rland\u0131r\u0131lm\u0131\u015ft\u0131r. Maksimum verimlilik i\u00e7in 3-5 gram kullan\u0131lmas\u0131 tavsiye edilir.<\/p>\n<p><em>Not:\u00a0<\/em>Bu \u00fcr\u00fcn s\u00fct, soya, yumurta, kereviz, gluten ve hardal i\u00e7eren tesislerde \u00fcretilmi\u015ftir.<\/p>\n","protected":false},"excerpt":{"rendered":"<ul class=\"pp-first-list\">\n<li><span class=\"pp-sm-title\">Marka<\/span>:<span class=\"pp-sm-desc\"><a class=\"track-link p-detail-spec-link\" title=\"Big Joy\" href=\"https:\/\/www.supplementler.com\/marka\/big-joy-1-1330\" data-category=\"Product-Specification-Links\" data-label=\"Big Joy\" data-id=\"1330\">Big Joy<\/a><\/span><\/li>\n<li><span class=\"pp-sm-title pp-sm-title\">Servis Say\u0131s\u0131<\/span>:<span class=\"pp-sm-desc spec-service-size\">300<\/span><\/li>\n<li><span class=\"pp-sm-title\">Servis Miktar\u0131<\/span>:<span class=\"pp-sm-desc spec-service-amount\">1 \u00d6l\u00e7ek (1 g)<\/span><\/li>\n<li><span class=\"pp-sm-title\">Servis Ba\u015f\u0131 Fiyat<\/span>:<span class=\"pp-sm-desc spec-one-service-price\">0,30 TL<\/span><\/li>\n<\/ul>\n","protected":false},"featured_media":3711,"comment_status":"open","ping_status":"closed","template":"","meta":[],"product_brand":[],"product_cat":[138],"product_tag":[],"yst_prominent_words":[],"class_list":{"0":"post-3710","1":"product","2":"type-product","3":"status-publish","4":"has-post-thumbnail","6":"product_cat-guc-performans","7":"pa_brand-bigjoy-supplement","9":"first","10":"instock","11":"shipping-taxable","12":"purchasable","13":"product-type-variable"},"_links":{"self":[{"href":"https:\/\/energyclub.com.tr\/supplement\/wp-json\/wp\/v2\/product\/3710","targetHints":{"allow":["GET"]}}],"collection":[{"href":"https:\/\/energyclub.com.tr\/supplement\/wp-json\/wp\/v2\/product"}],"about":[{"href":"https:\/\/energyclub.com.tr\/supplement\/wp-json\/wp\/v2\/types\/product"}],"replies":[{"embeddable":true,"href":"https:\/\/energyclub.com.tr\/supplement\/wp-json\/wp\/v2\/comments?post=3710"}],"wp:featuredmedia":[{"embeddable":true,"href":"https:\/\/energyclub.com.tr\/supplement\/wp-json\/wp\/v2\/media\/3711"}],"wp:attachment":[{"href":"https:\/\/energyclub.com.tr\/supplement\/wp-json\/wp\/v2\/media?parent=3710"}],"wp:term":[{"taxonomy":"product_brand","embeddable":true,"href":"https:\/\/energyclub.com.tr\/supplement\/wp-json\/wp\/v2\/product_brand?post=3710"},{"taxonomy":"product_cat","embeddable":true,"href":"https:\/\/energyclub.com.tr\/supplement\/wp-json\/wp\/v2\/product_cat?post=3710"},{"taxonomy":"product_tag","embeddable":true,"href":"https:\/\/energyclub.com.tr\/supplement\/wp-json\/wp\/v2\/product_tag?post=3710"},{"taxonomy":"yst_prominent_words","embeddable":true,"href":"https:\/\/energyclub.com.tr\/supplement\/wp-json\/wp\/v2\/yst_prominent_words?post=3710"}],"curies":[{"name":"wp","href":"https:\/\/api.w.org\/{rel}","templated":true}]}}