{"id":3788,"date":"2020-01-10T19:08:53","date_gmt":"2020-01-10T16:08:53","guid":{"rendered":"https:\/\/energyclub.com.tr\/supplement\/?post_type=product&#038;p=3788"},"modified":"2020-12-18T15:12:18","modified_gmt":"2020-12-18T12:12:18","slug":"sis-go-isotonic-energy-gel-60-ml-30-adet","status":"publish","type":"product","link":"https:\/\/energyclub.com.tr\/supplement\/urun\/performans-guc\/karbonhidrat\/sis-go-isotonic-energy-gel-60-ml-30-adet\/","title":{"rendered":"SiS GO Isotonic Energy Gel 60 ML. 30 Adet"},"content":{"rendered":"<p><b>SiS GO Isotonic Energy Gel nedir?<\/b><\/p>\n<p>D\u00fcnyan\u0131n ilk ger\u00e7ek izotonik karbonhidrat jeli olan SiS GO Isotonic Energy Gel, aktivite s\u0131ras\u0131nda ihtiya\u00e7 duyulan karbonhidrat\u0131 h\u0131zl\u0131 ve kolay bir \u015fekilde sunar.<\/p>\n<p>Her paketinde 22 gram h\u0131zl\u0131 emilen karbonhidrat i\u00e7eri\u011fine sahip olan SiS Go Isotonic Energy Gel, bir\u00e7ok jel \u00fcr\u00fcn\u00fcn\u00fcn aksine su ile kar\u0131\u015ft\u0131r\u0131lmadan t\u00fcketilebilir. Aktivite s\u0131ras\u0131nda h\u0131zl\u0131 ve pratik bir kullan\u0131m imkan\u0131 sunar. Bu sayede su t\u00fcketimi ile ortaya \u00e7\u0131kabilecek \u015fi\u015fkinlik riski en aza inerken,\u00a0hacimli su \u015fi\u015feleri ta\u015f\u0131man\u0131za da gerek kalmaz.<\/p>\n<p>SiS GO Isotonic Energy Gel \u00f6zellikleri:<\/p>\n<p>&#8211; Her pakettle 22 g h\u0131zla emilebilen karbonhidrat jeli<br \/>\n&#8211; Su gerektirmeyen izotonik\u00a0form\u00fcl<br \/>\n&#8211; Ta\u015f\u0131ma ve kullan\u0131m kolayl\u0131\u011f\u0131 sa\u011flayan paketleme<br \/>\n&#8211; Tatland\u0131r\u0131c\u0131 ilaveli maltodekstrin kaynakl\u0131 jel<br \/>\n&#8211; 30&#8217;lu kutuda<br \/>\n&#8211; Vegan kullan\u0131m\u0131na uygun<\/p>\n","protected":false},"excerpt":{"rendered":"<ul class=\"pp-first-list\">\n<li><span class=\"pp-sm-title\">Marka<\/span>:<span class=\"pp-sm-desc\"><a class=\"track-link p-detail-spec-link\" title=\"SIS\" href=\"https:\/\/www.supplementler.com\/marka\/sis-1-1689\" data-category=\"Product-Specification-Links\" data-label=\"SIS\" data-id=\"1689\">SIS<\/a><\/span><\/li>\n<li><span class=\"pp-sm-title pp-sm-title\">Servis Say\u0131s\u0131<\/span>:<span class=\"pp-sm-desc spec-service-size\">30<\/span><\/li>\n<li><span class=\"pp-sm-title\">Servis Miktar\u0131<\/span>:<span class=\"pp-sm-desc spec-service-amount\">1 Jel (60 mL)<\/span><\/li>\n<li><span class=\"pp-sm-title\">Servis Ba\u015f\u0131 Fiyat<\/span>:<span class=\"pp-sm-desc spec-one-service-price\">9,50 TL<\/span><\/li>\n<\/ul>\n","protected":false},"featured_media":3790,"comment_status":"open","ping_status":"closed","template":"","meta":[],"product_brand":[],"product_cat":[140],"product_tag":[],"yst_prominent_words":[],"class_list":{"0":"post-3788","1":"product","2":"type-product","3":"status-publish","4":"has-post-thumbnail","6":"product_cat-karbonhidrat","7":"pa_brand-sis","9":"first","10":"outofstock","11":"shipping-taxable","12":"purchasable","13":"product-type-variable"},"_links":{"self":[{"href":"https:\/\/energyclub.com.tr\/supplement\/wp-json\/wp\/v2\/product\/3788","targetHints":{"allow":["GET"]}}],"collection":[{"href":"https:\/\/energyclub.com.tr\/supplement\/wp-json\/wp\/v2\/product"}],"about":[{"href":"https:\/\/energyclub.com.tr\/supplement\/wp-json\/wp\/v2\/types\/product"}],"replies":[{"embeddable":true,"href":"https:\/\/energyclub.com.tr\/supplement\/wp-json\/wp\/v2\/comments?post=3788"}],"wp:featuredmedia":[{"embeddable":true,"href":"https:\/\/energyclub.com.tr\/supplement\/wp-json\/wp\/v2\/media\/3790"}],"wp:attachment":[{"href":"https:\/\/energyclub.com.tr\/supplement\/wp-json\/wp\/v2\/media?parent=3788"}],"wp:term":[{"taxonomy":"product_brand","embeddable":true,"href":"https:\/\/energyclub.com.tr\/supplement\/wp-json\/wp\/v2\/product_brand?post=3788"},{"taxonomy":"product_cat","embeddable":true,"href":"https:\/\/energyclub.com.tr\/supplement\/wp-json\/wp\/v2\/product_cat?post=3788"},{"taxonomy":"product_tag","embeddable":true,"href":"https:\/\/energyclub.com.tr\/supplement\/wp-json\/wp\/v2\/product_tag?post=3788"},{"taxonomy":"yst_prominent_words","embeddable":true,"href":"https:\/\/energyclub.com.tr\/supplement\/wp-json\/wp\/v2\/yst_prominent_words?post=3788"}],"curies":[{"name":"wp","href":"https:\/\/api.w.org\/{rel}","templated":true}]}}