{"id":3823,"date":"2020-01-10T20:05:08","date_gmt":"2020-01-10T17:05:08","guid":{"rendered":"https:\/\/energyclub.com.tr\/supplement\/?post_type=product&#038;p=3823"},"modified":"2021-03-30T16:05:37","modified_gmt":"2021-03-30T13:05:37","slug":"big-joy-crea-big-micronized-creatine-powder-120-gr","status":"publish","type":"product","link":"https:\/\/energyclub.com.tr\/supplement\/urun\/kreatin\/kreatin-monohidrat\/big-joy-crea-big-micronized-creatine-powder-120-gr\/","title":{"rendered":"Big Joy Crea Big Micronized Creatine Powder 120 Gr."},"content":{"rendered":"<p><strong>Big Joy Crea Big Micronized Creatine nedir?<\/strong><\/p>\n<p>Big Joy Crea Big Micronized Creatine toz formda olan saf kreatin monohidrat i\u00e7eren bir kreatin \u00fcr\u00fcn\u00fcd\u00fcr.<\/p>\n<p>ATP \u00fcretiminde \u00f6nemli rol oynayan kreatin, k\u0131sa s\u00fcreli ve y\u00fcksek yo\u011funluklu egzersizlerin ard\u0131 ard\u0131na yap\u0131lmas\u0131nda fiziksel performans\u0131 artt\u0131r\u0131r.<\/p>\n<p>Big Joy Crea Big Micronized Creatine&#8217;nin dikkat \u00e7ekene \u00f6zellikleri:<\/p>\n<p>&#8211; 120 g mikronize kreatin<\/p>\n<p>&#8211; 1 serviste 5 g kreatin<\/p>\n<p>&#8211; Mikronize formu sayesinde h\u0131zl\u0131 emilim<\/p>\n<p>&#8211; Aromas\u0131z olmas\u0131 sayesinde istenen i\u00e7ecek ve supplement kar\u0131\u015f\u0131m\u0131na ilave edilebilir.<\/p>\n","protected":false},"excerpt":{"rendered":"<ul class=\"pp-first-list\">\n<li><span class=\"pp-sm-title\">Marka<\/span>:<span class=\"pp-sm-desc\"><a class=\"track-link p-detail-spec-link\" title=\"Big Joy\" href=\"https:\/\/www.supplementler.com\/marka\/big-joy-1-1330\" data-category=\"Product-Specification-Links\" data-label=\"Big Joy\" data-id=\"1330\">Big Joy<\/a><\/span><\/li>\n<li><span class=\"pp-sm-title pp-sm-title\">Servis Say\u0131s\u0131<\/span>:<span class=\"pp-sm-desc spec-service-size\">24<\/span><\/li>\n<li><span class=\"pp-sm-title\">Servis Miktar\u0131<\/span>:<span class=\"pp-sm-desc spec-service-amount\">1 \u00d6l\u00e7ek (5 g)<\/span><\/li>\n<li><span class=\"pp-sm-title\">Servis Ba\u015f\u0131 Fiyat<\/span>:<span class=\"pp-sm-desc spec-one-service-price\">1,33 TL<\/span><\/li>\n<\/ul>\n","protected":false},"featured_media":3824,"comment_status":"open","ping_status":"closed","template":"","meta":[],"product_brand":[],"product_cat":[143],"product_tag":[],"yst_prominent_words":[],"class_list":{"0":"post-3823","1":"product","2":"type-product","3":"status-publish","4":"has-post-thumbnail","6":"product_cat-kreatin-monohidrat","7":"pa_brand-bigjoy-supplement","9":"first","10":"outofstock","11":"shipping-taxable","12":"purchasable","13":"product-type-simple"},"_links":{"self":[{"href":"https:\/\/energyclub.com.tr\/supplement\/wp-json\/wp\/v2\/product\/3823","targetHints":{"allow":["GET"]}}],"collection":[{"href":"https:\/\/energyclub.com.tr\/supplement\/wp-json\/wp\/v2\/product"}],"about":[{"href":"https:\/\/energyclub.com.tr\/supplement\/wp-json\/wp\/v2\/types\/product"}],"replies":[{"embeddable":true,"href":"https:\/\/energyclub.com.tr\/supplement\/wp-json\/wp\/v2\/comments?post=3823"}],"wp:featuredmedia":[{"embeddable":true,"href":"https:\/\/energyclub.com.tr\/supplement\/wp-json\/wp\/v2\/media\/3824"}],"wp:attachment":[{"href":"https:\/\/energyclub.com.tr\/supplement\/wp-json\/wp\/v2\/media?parent=3823"}],"wp:term":[{"taxonomy":"product_brand","embeddable":true,"href":"https:\/\/energyclub.com.tr\/supplement\/wp-json\/wp\/v2\/product_brand?post=3823"},{"taxonomy":"product_cat","embeddable":true,"href":"https:\/\/energyclub.com.tr\/supplement\/wp-json\/wp\/v2\/product_cat?post=3823"},{"taxonomy":"product_tag","embeddable":true,"href":"https:\/\/energyclub.com.tr\/supplement\/wp-json\/wp\/v2\/product_tag?post=3823"},{"taxonomy":"yst_prominent_words","embeddable":true,"href":"https:\/\/energyclub.com.tr\/supplement\/wp-json\/wp\/v2\/yst_prominent_words?post=3823"}],"curies":[{"name":"wp","href":"https:\/\/api.w.org\/{rel}","templated":true}]}}