{"id":5200,"date":"2020-02-28T13:12:07","date_gmt":"2020-02-28T10:12:07","guid":{"rendered":"https:\/\/energyclub.com.tr\/supplement\/?post_type=product&#038;p=5200"},"modified":"2021-03-29T16:54:13","modified_gmt":"2021-03-29T13:54:13","slug":"olimp-pure-whey-protein-isolate-1800-gr","status":"publish","type":"product","link":"https:\/\/energyclub.com.tr\/supplement\/urun\/protein-tozu\/izole-protein\/olimp-pure-whey-protein-isolate-1800-gr\/","title":{"rendered":"Olimp Pure Whey Protein Isolate 1800 Gr."},"content":{"rendered":"<h2>Olimp Pure Whey Isolate Protein nedir?<\/h2>\n<p>Olimp Pure Whey Isolate, izole whey protein tozu i\u00e7eri\u011fine sahip bir sporcu g\u0131das\u0131d\u0131r.<\/p>\n<p>%97,5 izole whey proteinden elde edilen\u00a0Olimp Pure Whey Isolate,\u00a0olduk\u00e7a y\u00fcksek protein oran\u0131na sahiptir.<\/p>\n<p>CFM (Cross Flow Mikrofiltrasyon) teknolojisi kullan\u0131larak \u00fcretilmi\u015f olmas\u0131, Olimp Pure Whey Isolat&#8217;in\u00a0daha y\u00fcksek protein ve aminoasit i\u00e7ermesini sa\u011flamaktad\u0131r.<\/p>\n<p>Yo\u011fun antrenman d\u00f6nemlerinde kaslar\u0131n yeniden yap\u0131lanmas\u0131 ve geli\u015fimine destek olabilecek saf bir protein kayna\u011f\u0131d\u0131r.<\/p>\n<h2>Olimp Pure Whey Isolate Protein&#8217;in dikkat \u00e7eken \u00f6zellikleri:<\/h2>\n<p>&#8211; CFM tekni\u011fi ile \u00fcretilmi\u015f y\u00fcksek izole protein i\u00e7eri\u011fi<\/p>\n<p>&#8211; %22 oran\u0131nda BCAA<\/p>\n<p>&#8211; D\u00fc\u015f\u00fck ya\u011f, \u015feker ve karbonhidrat de\u011ferleri<\/p>\n<p>&#8211; Tatland\u0131r\u0131c\u0131 kayna\u011f\u0131 \u015fukralozdur, aspartam i\u00e7ermez<\/p>\n","protected":false},"excerpt":{"rendered":"<ul class=\"pp-first-list\">\n<li><span class=\"pp-sm-title\">Marka<\/span>:<span class=\"pp-sm-desc\">Olimp<\/span><\/li>\n<li><span class=\"pp-sm-title pp-sm-title\">Servis Say\u0131s\u0131<\/span>:<span class=\"pp-sm-desc spec-service-size\">60<\/span><\/li>\n<li><span class=\"pp-sm-title\">Servis Miktar\u0131<\/span>:<span class=\"pp-sm-desc spec-service-amount\">1 \u00d6l\u00e7ek (30 g)<\/span><\/li>\n<li><span class=\"pp-sm-title\">Servis Ba\u015f\u0131 Fiyat<\/span>:<span class=\"pp-sm-desc spec-one-service-price\">6,65 TL<\/span><\/li>\n<li><span class=\"pp-sm-title\">Protein Oran\u0131<\/span>:<span class=\"pp-sm-desc\">%86,7<\/span><\/li>\n<li><span class=\"pp-sm-title\">Karbonhidrat Oran\u0131<\/span>:<span class=\"pp-sm-desc\">%1,7<\/span><\/li>\n<li><span class=\"pp-sm-title\">\u015eeker Oran\u0131<\/span>:<span class=\"pp-sm-desc\">%1,7<\/span><\/li>\n<li><span class=\"pp-sm-title\">Ya\u011f Oran\u0131<\/span>:<span class=\"pp-sm-desc\">%1,7<\/span><\/li>\n<\/ul>\n","protected":false},"featured_media":5201,"comment_status":"open","ping_status":"closed","template":"","meta":[],"product_brand":[],"product_cat":[121],"product_tag":[],"yst_prominent_words":[],"class_list":{"0":"post-5200","1":"product","2":"type-product","3":"status-publish","4":"has-post-thumbnail","6":"product_cat-izole-protein","7":"pa_brand-olimp","9":"first","10":"instock","11":"shipping-taxable","12":"purchasable","13":"product-type-variable"},"_links":{"self":[{"href":"https:\/\/energyclub.com.tr\/supplement\/wp-json\/wp\/v2\/product\/5200","targetHints":{"allow":["GET"]}}],"collection":[{"href":"https:\/\/energyclub.com.tr\/supplement\/wp-json\/wp\/v2\/product"}],"about":[{"href":"https:\/\/energyclub.com.tr\/supplement\/wp-json\/wp\/v2\/types\/product"}],"replies":[{"embeddable":true,"href":"https:\/\/energyclub.com.tr\/supplement\/wp-json\/wp\/v2\/comments?post=5200"}],"wp:featuredmedia":[{"embeddable":true,"href":"https:\/\/energyclub.com.tr\/supplement\/wp-json\/wp\/v2\/media\/5201"}],"wp:attachment":[{"href":"https:\/\/energyclub.com.tr\/supplement\/wp-json\/wp\/v2\/media?parent=5200"}],"wp:term":[{"taxonomy":"product_brand","embeddable":true,"href":"https:\/\/energyclub.com.tr\/supplement\/wp-json\/wp\/v2\/product_brand?post=5200"},{"taxonomy":"product_cat","embeddable":true,"href":"https:\/\/energyclub.com.tr\/supplement\/wp-json\/wp\/v2\/product_cat?post=5200"},{"taxonomy":"product_tag","embeddable":true,"href":"https:\/\/energyclub.com.tr\/supplement\/wp-json\/wp\/v2\/product_tag?post=5200"},{"taxonomy":"yst_prominent_words","embeddable":true,"href":"https:\/\/energyclub.com.tr\/supplement\/wp-json\/wp\/v2\/yst_prominent_words?post=5200"}],"curies":[{"name":"wp","href":"https:\/\/api.w.org\/{rel}","templated":true}]}}