{"id":6599,"date":"2020-03-04T22:37:20","date_gmt":"2020-03-04T19:37:20","guid":{"rendered":"https:\/\/energyclub.com.tr\/supplement\/?post_type=product&#038;p=6599"},"modified":"2020-03-22T20:42:32","modified_gmt":"2020-03-22T17:42:32","slug":"harbinger-bioflex-eldiven","status":"publish","type":"product","link":"https:\/\/energyclub.com.tr\/supplement\/urun\/fitness-aksesuarlari\/harbinger-bioflex-eldiven\/","title":{"rendered":"Harbinger Bioflex Eldiven"},"content":{"rendered":"<h2><strong>Harbinger Bioflex Eldiven Gri<\/strong><\/h2>\n<ul>\n<li><strong>Rahat Konfor &amp; Kavrama<\/strong>: Bioform :\u00a0Daha uzun parmaklar ve daha e\u011fimli \u015fekliyle parmaklar\u0131n\u0131z\u0131 daha g\u00fc\u00e7l\u00fc korur<\/li>\n<li><strong>Spidergrip<sup>TM<\/sup> Tekni\u011fi<\/strong>:\u00a0Exclusive tactified ismi verilen, avu\u00e7 i\u00e7indeki deri sayesinde\u00a0\u00a0 kavramay\u0131 maksimuma \u00e7\u0131karken, kendinizi daha g\u00fc\u00e7l\u00fc hissedersiniz<\/li>\n<li><strong>Yak\u0131n Temas : Bioflex<\/strong>:\u00a0Yeni nesil eldiven teknolojisi olan bioflex b\u00fct\u00fcn\u00fcyle deri olup, bar\u0131 en \u00fcst d\u00fczey \u015fekilde kavraman\u0131z\u0131 sa\u011flar<\/li>\n<li><strong>\u00dcst\u00fcn Performans<\/strong>:\u00a0Avu\u00e7 i\u00e7i yap\u0131s\u0131n\u0131n \u00f6zelli\u011fiyle daha konforlu antrenmanlar sa\u011flar. Bu yeni teknoloji \u00fcr\u00fcn\u00fc sayesinde daha y\u00fcksek a\u011f\u0131rl\u0131klarla, daha sa\u011fl\u0131kl\u0131 ve daha uzun s\u00fcreli \u00e7al\u0131\u015fabilirsiniz<\/li>\n<\/ul>\n<p><strong>\u00a0 Not<\/strong><\/p>\n<ul>\n<li>G\u00fcne\u015f \u0131\u015f\u0131\u011f\u0131na maruz b\u0131rakmay\u0131n\u0131z. G\u00fcne\u015ften gelen ultraviyole \u0131\u015f\u0131nlar eldiveninize zarar verebilir<\/li>\n<li>Temizledikten sonra tamamen kurutmadan kullanmay\u0131n\u0131z<\/li>\n<\/ul>\n","protected":false},"excerpt":{"rendered":"<ul class=\"pp-first-list\">\n<li><span class=\"pp-sm-title\">Marka<\/span>: <span class=\"pp-sm-desc\">Harbinger<\/span><\/li>\n<li><span class=\"pp-sm-title\">Malzeme<\/span>: <span class=\"pp-sm-desc\">%67 Deri %33 Polyester<\/span><\/li>\n<li><span class=\"pp-sm-title\">Y\u0131kama Talimat\u0131<\/span>: <span class=\"pp-sm-desc\">So\u011fuk Su Ve D\u00fc\u015f\u00fck Devirde Makinede Y\u0131kanabilir.<\/span><\/li>\n<\/ul>\n","protected":false},"featured_media":6602,"comment_status":"open","ping_status":"closed","template":"","meta":[],"product_brand":[],"product_cat":[169],"product_tag":[],"yst_prominent_words":[],"class_list":{"0":"post-6599","1":"product","2":"type-product","3":"status-publish","4":"has-post-thumbnail","6":"product_cat-fitness-aksesuarlari","7":"pa_brand-harbinger","9":"first","10":"instock","11":"sale","12":"shipping-taxable","13":"purchasable","14":"product-type-variable"},"_links":{"self":[{"href":"https:\/\/energyclub.com.tr\/supplement\/wp-json\/wp\/v2\/product\/6599","targetHints":{"allow":["GET"]}}],"collection":[{"href":"https:\/\/energyclub.com.tr\/supplement\/wp-json\/wp\/v2\/product"}],"about":[{"href":"https:\/\/energyclub.com.tr\/supplement\/wp-json\/wp\/v2\/types\/product"}],"replies":[{"embeddable":true,"href":"https:\/\/energyclub.com.tr\/supplement\/wp-json\/wp\/v2\/comments?post=6599"}],"wp:featuredmedia":[{"embeddable":true,"href":"https:\/\/energyclub.com.tr\/supplement\/wp-json\/wp\/v2\/media\/6602"}],"wp:attachment":[{"href":"https:\/\/energyclub.com.tr\/supplement\/wp-json\/wp\/v2\/media?parent=6599"}],"wp:term":[{"taxonomy":"product_brand","embeddable":true,"href":"https:\/\/energyclub.com.tr\/supplement\/wp-json\/wp\/v2\/product_brand?post=6599"},{"taxonomy":"product_cat","embeddable":true,"href":"https:\/\/energyclub.com.tr\/supplement\/wp-json\/wp\/v2\/product_cat?post=6599"},{"taxonomy":"product_tag","embeddable":true,"href":"https:\/\/energyclub.com.tr\/supplement\/wp-json\/wp\/v2\/product_tag?post=6599"},{"taxonomy":"yst_prominent_words","embeddable":true,"href":"https:\/\/energyclub.com.tr\/supplement\/wp-json\/wp\/v2\/yst_prominent_words?post=6599"}],"curies":[{"name":"wp","href":"https:\/\/api.w.org\/{rel}","templated":true}]}}