{"id":6718,"date":"2020-03-13T15:28:10","date_gmt":"2020-03-13T12:28:10","guid":{"rendered":"https:\/\/energyclub.com.tr\/supplement\/?post_type=product&#038;p=6718"},"modified":"2020-03-22T20:42:17","modified_gmt":"2020-03-22T17:42:17","slug":"nutrever-xtreme-protein-bar-50-gr-24-adet","status":"publish","type":"product","link":"https:\/\/energyclub.com.tr\/supplement\/urun\/saglikli-atistirmaliklar\/nutrever-xtreme-protein-bar-50-gr-24-adet\/","title":{"rendered":"Nutrever Xtreme Protein Bar 50 Gr. 24 Adet"},"content":{"rendered":"<p><strong>Nutrever Xtreme Protein Bar Nedir?\u00a0<\/strong><\/p>\n<p>Ara\u00a0\u00f6\u011f\u00fcnlerde veya spordan sonras\u0131 t\u00fcketebilece\u011finiz, y\u00fcksek proteine sahip lezzetli bir sporcu g\u0131das\u0131d\u0131r. \u00a0%50 oran\u0131nda y\u00fcksek protein oran\u0131na sahiptir ve \u015fekeri d\u00fc\u015f\u00fcr\u00fclm\u00fc\u015ft\u00fcr. 1 adet Nutrever Xtreme Protein Bar\u00a0sadece 0,8 gr \u015feker i\u00e7erir, \u015fukraloz ile tatland\u0131r\u0131lm\u0131\u015ft\u0131r.<\/p>\n<p>Nutrever Xtreme Protein Bar&#8217;\u0131n dikkat \u00e7eken \u00f6zellikleri:<\/p>\n<p>&#8211; H\u0131zl\u0131 ve yava\u015f sal\u0131n\u0131ma sahip protein i\u00e7eri\u011fi<\/p>\n<p>&#8211; Protein bar ba\u015f\u0131na 25 gram protein<\/p>\n<p>&#8211; D\u00fc\u015f\u00fck \u015feker ve ya\u011f oran\u0131<\/p>\n<p>&#8211; 24&#8217;l\u00fc kutusunda<\/p>\n","protected":false},"excerpt":{"rendered":"<ul class=\"pp-first-list\">\n<li><span class=\"pp-sm-title\">Marka<\/span>:<span class=\"pp-sm-desc\"><a class=\"track-link p-detail-spec-link\" title=\"Nutrever\" href=\"https:\/\/www.supplementler.com\/marka\/nutrever-1-1535\" data-category=\"Product-Specification-Links\" data-label=\"Nutrever\" data-id=\"1535\">Nutrever<\/a><\/span><\/li>\n<li><span class=\"pp-sm-title pp-sm-title\">Servis Say\u0131s\u0131<\/span>:<span class=\"pp-sm-desc spec-service-size\">24<\/span><\/li>\n<li><span class=\"pp-sm-title\">Servis Miktar\u0131<\/span>:<span class=\"pp-sm-desc spec-service-amount\">1 Bar (50 Gr)<\/span><\/li>\n<li><span class=\"pp-sm-title\">Servis Ba\u015f\u0131 Fiyat<\/span>:<span class=\"pp-sm-desc spec-one-service-price\">12,00 TL<\/span><\/li>\n<\/ul>\n","protected":false},"featured_media":6719,"comment_status":"open","ping_status":"closed","template":"","meta":[],"product_brand":[],"product_cat":[119],"product_tag":[],"yst_prominent_words":[],"class_list":{"0":"post-6718","1":"product","2":"type-product","3":"status-publish","4":"has-post-thumbnail","6":"product_cat-saglikli-atistirmaliklar","7":"pa_brand-nutrever","9":"first","10":"instock","11":"shipping-taxable","12":"purchasable","13":"product-type-variable"},"_links":{"self":[{"href":"https:\/\/energyclub.com.tr\/supplement\/wp-json\/wp\/v2\/product\/6718","targetHints":{"allow":["GET"]}}],"collection":[{"href":"https:\/\/energyclub.com.tr\/supplement\/wp-json\/wp\/v2\/product"}],"about":[{"href":"https:\/\/energyclub.com.tr\/supplement\/wp-json\/wp\/v2\/types\/product"}],"replies":[{"embeddable":true,"href":"https:\/\/energyclub.com.tr\/supplement\/wp-json\/wp\/v2\/comments?post=6718"}],"wp:featuredmedia":[{"embeddable":true,"href":"https:\/\/energyclub.com.tr\/supplement\/wp-json\/wp\/v2\/media\/6719"}],"wp:attachment":[{"href":"https:\/\/energyclub.com.tr\/supplement\/wp-json\/wp\/v2\/media?parent=6718"}],"wp:term":[{"taxonomy":"product_brand","embeddable":true,"href":"https:\/\/energyclub.com.tr\/supplement\/wp-json\/wp\/v2\/product_brand?post=6718"},{"taxonomy":"product_cat","embeddable":true,"href":"https:\/\/energyclub.com.tr\/supplement\/wp-json\/wp\/v2\/product_cat?post=6718"},{"taxonomy":"product_tag","embeddable":true,"href":"https:\/\/energyclub.com.tr\/supplement\/wp-json\/wp\/v2\/product_tag?post=6718"},{"taxonomy":"yst_prominent_words","embeddable":true,"href":"https:\/\/energyclub.com.tr\/supplement\/wp-json\/wp\/v2\/yst_prominent_words?post=6718"}],"curies":[{"name":"wp","href":"https:\/\/api.w.org\/{rel}","templated":true}]}}