{"id":6729,"date":"2020-03-13T15:41:14","date_gmt":"2020-03-13T12:41:14","guid":{"rendered":"https:\/\/energyclub.com.tr\/supplement\/?post_type=product&#038;p=6729"},"modified":"2020-11-26T17:02:10","modified_gmt":"2020-11-26T14:02:10","slug":"nutrend-deluxe-protein-bar-60-gr","status":"publish","type":"product","link":"https:\/\/energyclub.com.tr\/supplement\/urun\/saglikli-atistirmaliklar\/nutrend-deluxe-protein-bar-60-gr\/","title":{"rendered":"Nutrend Deluxe Protein Bar 60 Gr."},"content":{"rendered":"<p><strong>Nutrend Deluxe Protein Bar 60 Gr\u00a0Nedir?<\/strong><\/p>\n<p>Deluxe Bar, i\u00e7erisinde y\u00fcksek miktarda protein bar\u0131nd\u0131ran bir protein bard\u0131r.<\/p>\n<p>Y\u00fcksek protein i\u00e7eri\u011fi ve d\u00fc\u015f\u00fck \u015feker miktar\u0131 olan Deluxe ayn\u0131 zamanda olduk\u00e7a lezzetli olup, i\u00e7erisinde lif bar\u0131nd\u0131r\u0131r. Gluten i\u00e7ermez.<\/p>\n<p><strong>\u00d6zellikler<\/strong><\/p>\n<ul>\n<li>%30 Protein<\/li>\n<li>D\u00fc\u015f\u00fck \u015eeker Miktar\u0131<\/li>\n<li>Glutensiz<\/li>\n<li>Y\u00fcksek Lif Miktar\u0131<\/li>\n<\/ul>\n","protected":false},"excerpt":{"rendered":"<ul class=\"pp-first-list\">\n<li><span class=\"pp-sm-title\">Marka<\/span>:<span class=\"pp-sm-desc\"><a class=\"track-link p-detail-spec-link\" title=\"Nutrend\" href=\"https:\/\/www.supplementler.com\/marka\/nutrend-1-1312\" data-category=\"Product-Specification-Links\" data-label=\"Nutrend\" data-id=\"1312\">Nutrend<\/a><\/span><\/li>\n<li><span class=\"pp-sm-title pp-sm-title\">Servis Say\u0131s\u0131<\/span>:<span class=\"pp-sm-desc spec-service-size\">1<\/span><\/li>\n<li><span class=\"pp-sm-title\">Servis Miktar\u0131<\/span>:<span class=\"pp-sm-desc spec-service-amount\">1 Bar( 60 g)<\/span><\/li>\n<li><span class=\"pp-sm-title\">Servis Ba\u015f\u0131 Fiyat<\/span>:<span class=\"pp-sm-desc spec-one-service-price\">13,00 TL<\/span><\/li>\n<\/ul>\n","protected":false},"featured_media":6730,"comment_status":"open","ping_status":"closed","template":"","meta":[],"product_brand":[],"product_cat":[119],"product_tag":[],"yst_prominent_words":[],"class_list":{"0":"post-6729","1":"product","2":"type-product","3":"status-publish","4":"has-post-thumbnail","6":"product_cat-saglikli-atistirmaliklar","7":"pa_brand-nutrend","9":"first","10":"outofstock","11":"shipping-taxable","12":"purchasable","13":"product-type-variable"},"_links":{"self":[{"href":"https:\/\/energyclub.com.tr\/supplement\/wp-json\/wp\/v2\/product\/6729","targetHints":{"allow":["GET"]}}],"collection":[{"href":"https:\/\/energyclub.com.tr\/supplement\/wp-json\/wp\/v2\/product"}],"about":[{"href":"https:\/\/energyclub.com.tr\/supplement\/wp-json\/wp\/v2\/types\/product"}],"replies":[{"embeddable":true,"href":"https:\/\/energyclub.com.tr\/supplement\/wp-json\/wp\/v2\/comments?post=6729"}],"wp:featuredmedia":[{"embeddable":true,"href":"https:\/\/energyclub.com.tr\/supplement\/wp-json\/wp\/v2\/media\/6730"}],"wp:attachment":[{"href":"https:\/\/energyclub.com.tr\/supplement\/wp-json\/wp\/v2\/media?parent=6729"}],"wp:term":[{"taxonomy":"product_brand","embeddable":true,"href":"https:\/\/energyclub.com.tr\/supplement\/wp-json\/wp\/v2\/product_brand?post=6729"},{"taxonomy":"product_cat","embeddable":true,"href":"https:\/\/energyclub.com.tr\/supplement\/wp-json\/wp\/v2\/product_cat?post=6729"},{"taxonomy":"product_tag","embeddable":true,"href":"https:\/\/energyclub.com.tr\/supplement\/wp-json\/wp\/v2\/product_tag?post=6729"},{"taxonomy":"yst_prominent_words","embeddable":true,"href":"https:\/\/energyclub.com.tr\/supplement\/wp-json\/wp\/v2\/yst_prominent_words?post=6729"}],"curies":[{"name":"wp","href":"https:\/\/api.w.org\/{rel}","templated":true}]}}